000
CDUS46 KSEW 020830
CLISEW


CLIMATE REPORT
NATIONAL WEATHER SERVICE SEATTLE WA
130 AM PDT THU APR 2 2015


...................................

...THE SEATTLE WA WFO CLIMATE SUMMARY FOR APRIL 1 2015...

CLIMATE NORMAL PERIOD 1981 TO 2010
CLIMATE RECORD PERIOD 1986 TO 2015


WEATHER ITEM   OBSERVED TIME   RECORD YEAR     LAST
                VALUE   (LST)  VALUE           YEAR
....................................................
TEMPERATURE (F)
 YESTERDAY
  MAXIMUM         56        MM  79    1987    60
  MINIMUM         42        MM  33    2008    40
  AVERAGE         49                          50

PRECIPITATION (IN)
  YESTERDAY        0.03          0.79 2011     0.00
  MONTH TO DATE    0.03                        0.00
  SINCE OCT 1     28.11                       23.42
  SINCE JAN 1     11.55                       17.57

SNOWFALL (IN)
  YESTERDAY        0.0                         0.0
  MONTH TO DATE    0.0                         0.0
  SINCE OCT 1      T                           2.9
  SINCE JUL 1      T                           2.9
  SNOW DEPTH       0

DEGREE DAYS
 HEATING
  YESTERDAY       16                          15
  MONTH TO DATE   16                          15
  SINCE MAR 1    453                         539
  SINCE JUL 1   2934                        3803

 COOLING
  YESTERDAY        0                           0
  MONTH TO DATE    0                           0
  SINCE MAR 1      0                           0
  SINCE JAN 1      0                           0
....................................................


WIND (MPH)
  HIGHEST WIND SPEED    MM   HIGHEST WIND DIRECTION    MM
  HIGHEST GUST SPEED    MM   HIGHEST GUST DIRECTION    MM
  AVERAGE WIND SPEED    MM



WEATHER CONDITIONS
 THE FOLLOWING WEATHER WAS RECORDED YESTERDAY.
  LIGHT RAIN






-  INDICATES NEGATIVE NUMBERS.
R  INDICATES RECORD WAS SET OR TIED.
MM INDICATES DATA IS MISSING.
T  INDICATES TRACE AMOUNT.




$$
