000
CDUS46 KMTR 070027
CLISFD


CLIMATE REPORT
NATIONAL WEATHER SERVICE SAN FRANCISCO BAY AREA
527 PM PDT WED MAY 6 2015


...................................

...THE SAN FRANCISCO DWTN CA CLIMATE SUMMARY FOR MAY 6 2015...
VALID TODAY AS OF 0500 PM LOCAL TIME.

CLIMATE NORMAL PERIOD 1981 TO 2010
CLIMATE RECORD PERIOD 1850 TO 2015


WEATHER ITEM   OBSERVED TIME   RECORD YEAR NORMAL DEPARTURE LAST
                VALUE   (LST)  VALUE       VALUE  FROM      YEAR
                                                  NORMAL
..................................................................
TEMPERATURE (F)
 TODAY
  MAXIMUM         63   1143 AM  88    1987  64     -1       66
  MINIMUM         49    643 AM  44    1964  50     -1       51
  AVERAGE         56                        57     -1       59

PRECIPITATION (IN)
  TODAY            0.00          0.60 1891   0.03  -0.03     0.00
  MONTH TO DATE    0.00                      0.19  -0.19     0.00
  SINCE OCT 1     17.34                     22.71  -5.37    12.07
  SINCE JAN 1      2.89                     13.87 -10.98    10.42

DEGREE DAYS
 HEATING
  TODAY            9                        MM     MM        6
  MONTH TO DATE   51                        MM     MM       32
  SINCE MAR 1    448                        MM     MM      453
  SINCE JUL 1   1522                        MM     MM     2116

 COOLING
  TODAY            0                        MM     MM        0
  MONTH TO DATE    0                         0      0        8
  SINCE MAR 1     14                         0     14       25
  SINCE JAN 1     14                         0     14       25
..................................................................







THE SAN FRANCISCO DWTN CA CLIMATE NORMALS FOR TOMORROW
                         NORMAL    RECORD    YEAR
 MAXIMUM TEMPERATURE (F)   64        93      2001
 MINIMUM TEMPERATURE (F)   50        45      1879


SUNRISE AND SUNSET
MAY  6 2015...........SUNRISE   609 AM PDT   SUNSET   805 PM PDT
MAY  7 2015...........SUNRISE   608 AM PDT   SUNSET   805 PM PDT


-  INDICATES NEGATIVE NUMBERS.
R  INDICATES RECORD WAS SET OR TIED.
MM INDICATES DATA IS MISSING.
T  INDICATES TRACE AMOUNT.




$$
