000
CDUS46 KMFR 180843
CLISIY


CLIMATE REPORT
NATIONAL WEATHER SERVICE MEDFORD, OR
143 AM PDT SAT APR 18 2015


...................................

...THE MONTAGUE CA CLIMATE SUMMARY FOR APRIL 17 2015...

CLIMATE NORMAL PERIOD 1981 TO 2010
CLIMATE RECORD PERIOD 1948 TO 2015


WEATHER ITEM   OBSERVED TIME   RECORD YEAR NORMAL DEPARTURE LAST
                VALUE   (LST)  VALUE       VALUE  FROM      YEAR
                                                  NORMAL
..................................................................
TEMPERATURE (F)
 YESTERDAY
  MAXIMUM         80    337 PM  85    1949  61     19       67
  MINIMUM         31    551 AM  21    1968  33     -2       38
  AVERAGE         56                        47      9       53

PRECIPITATION (IN)
  YESTERDAY        0.00          0.34 1967   0.05  -0.05     0.05
  MONTH TO DATE    0.40                      0.72  -0.32     0.17
  SINCE OCT 1     11.00                     14.07  -3.07     5.56
  SINCE JAN 1      5.09                      7.24  -2.15     4.92

SNOWFALL (IN)
  YESTERDAY       MM                        MM     MM       MM
  MONTH TO DATE   MM                        MM     MM       MM
  SINCE JUL 1     MM                        MM     MM        0.0
  SNOW DEPTH      MM

DEGREE DAYS
 HEATING
  YESTERDAY        9                        18     -9       12
  MONTH TO DATE  341                       337      4      217
  SINCE MAR 1    849                      1019   -170      779
  SINCE JUL 1   3991                      4896   -905     4827

 COOLING
  YESTERDAY        0                         0      0        0
  MONTH TO DATE    0                         0      0        0
  SINCE MAR 1      0                         0      0        0
  SINCE JAN 1      0                         0      0        0
..................................................................


WIND (MPH)
  HIGHEST WIND SPEED    20   HIGHEST WIND DIRECTION     N (350)
  HIGHEST GUST SPEED    23   HIGHEST GUST DIRECTION     N (350)
  AVERAGE WIND SPEED     5.5


SKY COVER
  POSSIBLE SUNSHINE  MM
  AVERAGE SKY COVER 0.0


WEATHER CONDITIONS
 THE FOLLOWING WEATHER WAS RECORDED YESTERDAY.
  NO SIGNIFICANT WEATHER WAS OBSERVED.


RELATIVE HUMIDITY (PERCENT)
 HIGHEST    78           600 AM
 LOWEST     16           300 PM

..........................................................


THE MONTAGUE CA CLIMATE NORMALS FOR TODAY
                         NORMAL    RECORD    YEAR
 MAXIMUM TEMPERATURE (F)   61        82      1994
 MINIMUM TEMPERATURE (F)   34        21      1955


SUNRISE AND SUNSET
APRIL 18 2015.........SUNRISE   625 AM PDT   SUNSET   754 PM PDT
APRIL 19 2015.........SUNRISE   624 AM PDT   SUNSET   755 PM PDT


-  INDICATES NEGATIVE NUMBERS.
R  INDICATES RECORD WAS SET OR TIED.
MM INDICATES DATA IS MISSING.
T  INDICATES TRACE AMOUNT.




$$
