000
CDCA42 TJSJ 060437
CLISJU


CLIMATE REPORT
NATIONAL WEATHER SERVICE SAN JUAN, PR
1236 AM AST WED MAY 6 2015


...................................

...THE SAN JUAN AREA/PR CLIMATE SUMMARY FOR MAY 5 2015...

CLIMATE NORMAL PERIOD 1981 TO 2010
CLIMATE RECORD PERIOD 1898 TO 2015


WEATHER ITEM   OBSERVED TIME   RECORD YEAR NORMAL DEPARTURE LAST
                VALUE   (LST)  VALUE       VALUE  FROM      YEAR
                                                  NORMAL
..................................................................
TEMPERATURE (F)
 YESTERDAY
  MAXIMUM         89    156 PM  96    1980  87      2       91
  MINIMUM         76    543 AM  66    1962  76      0       75
  AVERAGE         83                        81      2       83

PRECIPITATION (IN)
  YESTERDAY        0.00          2.92 1910   0.19  -0.19     1.50
  MONTH TO DATE    T                         0.98  -0.98     1.62
  SINCE MAR 1      2.88                      7.61  -4.73     5.28
  SINCE JAN 1     11.11                     13.76  -2.65    11.32

SNOWFALL (IN)
  YESTERDAY        0.0                       0.0    0.0      0.0
  MONTH TO DATE    0.0                       0.0    0.0      0.0
  SINCE MAR 1      0.0                       0.0    0.0      0.0
  SINCE JUL 1      0.0                       0.0    0.0      0.0

DEGREE DAYS
 HEATING
  YESTERDAY        0                         0      0        0
  MONTH TO DATE    0                         0      0        0
  SINCE MAR 1      0                         0      0        0
  SINCE JUL 1      0                         0      0        0

 COOLING
  YESTERDAY       18                        16      2       18
  MONTH TO DATE   97                        80     17       96
  SINCE MAR 1   1030                       970     60     1103
  SINCE JAN 1   1870                      1721    149     1991
..................................................................


WIND (MPH)
  HIGHEST WIND SPEED    26   HIGHEST WIND DIRECTION     E (70)
  HIGHEST GUST SPEED    33   HIGHEST GUST DIRECTION     E (80)
  AVERAGE WIND SPEED    14.7


SKY COVER
  AVERAGE SKY COVER 0.3


WEATHER CONDITIONS
 THE FOLLOWING WEATHER WAS RECORDED YESTERDAY.
  NO SIGNIFICANT WEATHER WAS OBSERVED.


RELATIVE HUMIDITY (PERCENT)
 HIGHEST    85
 LOWEST     59
 AVERAGE    72

..........................................................


THE SAN JUAN AREA/PR CLIMATE NORMALS FOR TODAY
                         NORMAL    RECORD    YEAR
 MAXIMUM TEMPERATURE (F)   87        95      1980
 MINIMUM TEMPERATURE (F)   76        67      1962


SUNRISE AND SUNSET
MAY  6 2015...........SUNRISE   554 AM AST   SUNSET   647 PM AST
MAY  7 2015...........SUNRISE   554 AM AST   SUNSET   647 PM AST


-  INDICATES NEGATIVE NUMBERS.
R  INDICATES RECORD WAS SET OR TIED.
MM INDICATES DATA IS MISSING.
T  INDICATES TRACE AMOUNT.




$$
