000
CDUS45 KSLC 261227
CLISLC


CLIMATE REPORT
NATIONAL WEATHER SERVICE SALT LAKE CITY UT
627 AM MDT SUN APR 26 2015


...................................

...THE SALT LAKE CITY UT CLIMATE SUMMARY FOR APRIL 25 2015...

CLIMATE NORMAL PERIOD 1981 TO 2010
CLIMATE RECORD PERIOD 1874 TO 2015


WEATHER ITEM   OBSERVED TIME   RECORD YEAR NORMAL DEPARTURE LAST
                VALUE   (LST)  VALUE       VALUE  FROM      YEAR
                                                  NORMAL
..................................................................
TEMPERATURE (F)
 YESTERDAY
  MAXIMUM         59    100 PM  84    1946  64     -5       67
  MINIMUM         42    606 AM  26    1950  42      0       45
  AVERAGE         51                        53     -2       56

PRECIPITATION (IN)
  YESTERDAY        0.37          1.62 1976   0.07   0.30     0.01
  MONTH TO DATE    1.90                      1.64   0.26     0.57
  SINCE OCT 1      5.79                     10.31  -4.52     7.46
  SINCE JAN 1      3.78                      5.93  -2.15     4.45

SNOWFALL (IN)
  YESTERDAY        0.0           8.5  1975   0.0    0.0      0.0
  MONTH TO DATE    5.8                       3.6    2.2       T
  SINCE OCT 1     15.4                      55.5  -40.1     35.5
  SINCE JUL 1     15.4                      55.5  -40.1     35.5
  SNOW DEPTH       0

DEGREE DAYS
 HEATING
  YESTERDAY       14                        12      2        9
  MONTH TO DATE  327                       381    -54      283
  SINCE MAR 1    793                      1043   -250      770
  SINCE JUL 1   4140                      5299  -1159     4757

 COOLING
  YESTERDAY        0                         0      0        0
  MONTH TO DATE    0                         0      0        0
  SINCE MAR 1      0                         0      0        0
  SINCE JAN 1      0                         0      0        0
..................................................................


WIND (MPH)
  RESULTANT WIND SPEED   2   RESULTANT WIND DIRECTION  SW (240)
  HIGHEST WIND SPEED    17   HIGHEST WIND DIRECTION     S (170)
  HIGHEST GUST SPEED    23   HIGHEST GUST DIRECTION     W (250)
  AVERAGE WIND SPEED     7.2


SKY COVER
  POSSIBLE SUNSHINE  MM
  AVERAGE SKY COVER 0.6


WEATHER CONDITIONS
 THE FOLLOWING WEATHER WAS RECORDED YESTERDAY.
  THUNDERSTORM
  HEAVY RAIN
  RAIN
  LIGHT RAIN
  FOG


RELATIVE HUMIDITY (PERCENT)
 HIGHEST    96          1100 PM
 LOWEST     43           200 PM
 AVERAGE    70

..........................................................


THE SALT LAKE CITY UT CLIMATE NORMALS FOR TODAY
                         NORMAL    RECORD    YEAR
 MAXIMUM TEMPERATURE (F)   65        85      1910
 MINIMUM TEMPERATURE (F)   42        27      1975


SUNRISE AND SUNSET
APRIL 26 2015.........SUNRISE   633 AM MDT   SUNSET   819 PM MDT
APRIL 27 2015.........SUNRISE   632 AM MDT   SUNSET   820 PM MDT


-  INDICATES NEGATIVE NUMBERS.
R  INDICATES RECORD WAS SET OR TIED.
MM INDICATES DATA IS MISSING.
T  INDICATES TRACE AMOUNT.




$$
