000
CDUS46 KMTR 180832
CLISNS


CLIMATE REPORT
NATIONAL WEATHER SERVICE SAN FRANCISCO BAY AREA
132 AM PDT SAT APR 18 2015


...................................

...THE SALINAS AIRPORT CLIMATE SUMMARY FOR APRIL 17 2015...

CLIMATE NORMAL PERIOD 1981 TO 2010
CLIMATE RECORD PERIOD 1930 TO 2015


WEATHER ITEM   OBSERVED TIME   RECORD YEAR NORMAL DEPARTURE LAST
                VALUE   (LST)  VALUE       VALUE  FROM      YEAR
                                                  NORMAL
..................................................................
TEMPERATURE (F)
 YESTERDAY
  MAXIMUM         82   1208 PM  87    1952  67     15       60
  MINIMUM         50    615 AM  34    1944  46      4       48
  AVERAGE         66                        57      9       54

PRECIPITATION (IN)
  YESTERDAY        0.00          0.45 1957   0.03  -0.03     0.00
  MONTH TO DATE    0.34                      0.63  -0.29     0.37
  SINCE OCT 1      9.16                     11.89  -2.73     5.55
  SINCE JAN 1      1.17                      7.98  -6.81     4.72

DEGREE DAYS
 HEATING
  YESTERDAY        0                         8     -8       11
  MONTH TO DATE  104                       154    -50      109
  SINCE MAR 1    217                       474   -257      307
  SINCE JUL 1   1066                      2288  -1222     1739

 COOLING
  YESTERDAY        1                         0      1        0
  MONTH TO DATE    1                         0      1        3
  SINCE MAR 1     18                         1     17        4
  SINCE JAN 1     26                         1     25        6
..................................................................


WIND (MPH)
  RESULTANT WIND SPEED   2   RESULTANT WIND DIRECTION   W (290)
  HIGHEST WIND SPEED    18   HIGHEST WIND DIRECTION     W (280)
  HIGHEST GUST SPEED    24   HIGHEST GUST DIRECTION     W (260)
  AVERAGE WIND SPEED     9.3


SKY COVER
  POSSIBLE SUNSHINE  MM
  AVERAGE SKY COVER 0.1


WEATHER CONDITIONS
 THE FOLLOWING WEATHER WAS RECORDED YESTERDAY.
  HAZE


RELATIVE HUMIDITY (PERCENT)
 HIGHEST    83          1000 PM
 LOWEST     15          1200 PM
 AVERAGE    49

..........................................................


THE SALINAS AIRPORT CLIMATE NORMALS FOR TODAY
                         NORMAL    RECORD    YEAR
 MAXIMUM TEMPERATURE (F)   67        84      1950
 MINIMUM TEMPERATURE (F)   46        31      1933


SUNRISE AND SUNSET
APRIL 18 2015.........SUNRISE   529 AM PST   SUNSET   643 PM PST
APRIL 19 2015.........SUNRISE   527 AM PST   SUNSET   644 PM PST


-  INDICATES NEGATIVE NUMBERS.
R  INDICATES RECORD WAS SET OR TIED.
MM INDICATES DATA IS MISSING.
T  INDICATES TRACE AMOUNT.




$$
