000
CDUS45 KPUB 281047
CLISPD


CLIMATE REPORT
NATIONAL WEATHER SERVICE PUEBLO
447 AM MDT TUE APR 28 2015


...................................

...THE SPRINGFIELD CO CLIMATE SUMMARY FOR APRIL 27 2015...

CLIMATE NORMAL PERIOD 1981 TO 2010
CLIMATE RECORD PERIOD 9999 TO 9999


WEATHER ITEM   OBSERVED TIME   NORMAL DEPARTURE LAST
                VALUE   (LST)  VALUE  FROM      YEAR
                                      NORMAL
......................................................
TEMPERATURE (F)
 YESTERDAY
  MAXIMUM         49    505 PM  70    -21       55
  MINIMUM         38   1159 PM  40     -2       35
  AVERAGE         44                            45

PRECIPITATION (IN)
  YESTERDAY        0.20          0.04   0.16     0.21
  MONTH TO DATE    0.85          1.15  -0.30     0.99
  SINCE MAR 1      1.23          2.28  -1.05     1.36
  SINCE JAN 1      3.07          3.09  -0.02     1.69

DEGREE DAYS
 HEATING
  YESTERDAY       21            10     11       20
  MONTH TO DATE  350           378    -28      364
  SINCE MAR 1    957          1065   -108     1076
  SINCE JUL 1   4861          5071   -210     5073

 COOLING
  YESTERDAY        0             0      0        0
  MONTH TO DATE    0             0      0        6
  SINCE MAR 1      0             0      0        6
  SINCE JAN 1      0             0      0        6
......................................................


WIND (MPH)
  HIGHEST WIND SPEED    31   HIGHEST WIND DIRECTION     N (20)
  HIGHEST GUST SPEED    37   HIGHEST GUST DIRECTION    NE (30)
  AVERAGE WIND SPEED    19.7


SKY COVER
  POSSIBLE SUNSHINE  MM



RELATIVE HUMIDITY (PERCENT)
 HIGHEST   100          1200 AM
 LOWEST     56           200 PM
 AVERAGE    78

..........................................................


THE SPRINGFIELD CO CLIMATE NORMALS FOR TODAY
                         NORMAL    RECORD    YEAR
 MAXIMUM TEMPERATURE (F)   70        MM        MM
 MINIMUM TEMPERATURE (F)   40        MM        MM


SUNRISE AND SUNSET
APRIL 28 2015.........SUNRISE   559 AM MDT   SUNSET   737 PM MDT
APRIL 29 2015.........SUNRISE   558 AM MDT   SUNSET   738 PM MDT


-  INDICATES NEGATIVE NUMBERS.
R  INDICATES RECORD WAS SET OR TIED.
MM INDICATES DATA IS MISSING.
T  INDICATES TRACE AMOUNT.




$$
