000
CDUS43 KILX 040630
CLISPI


CLIMATE REPORT
NATIONAL WEATHER SERVICE LINCOLN IL
128 AM CDT MON MAY 4 2015


...................................

...THE SPRINGFIELD IL CLIMATE SUMMARY FOR MAY 3 2015...

CLIMATE NORMAL PERIOD 1981 TO 2010
CLIMATE RECORD PERIOD 1879 TO 2015


WEATHER ITEM   OBSERVED TIME   RECORD YEAR NORMAL DEPARTURE LAST
                VALUE   (LST)  VALUE       VALUE  FROM      YEAR
                                                  NORMAL
..................................................................
TEMPERATURE (F)
 YESTERDAY
  MAXIMUM         85    326 PM  89    1959  71     14       74
                                      1949
  MINIMUM         59    528 AM  29    1976  48     11       46
  AVERAGE         72                        60     12       60

PRECIPITATION (IN)
  YESTERDAY        0.00          2.18 2013   0.13  -0.13      T
  MONTH TO DATE    T                         0.39  -0.39     0.01
  SINCE MAR 1      3.68                      6.53  -2.85     6.11
  SINCE JAN 1      6.96                     10.16  -3.20    11.54

SNOWFALL (IN)
  YESTERDAY        0.0           T    1954   0.0    0.0      0.0
  MONTH TO DATE    0.0                       0.0    0.0      0.0
  SINCE MAR 1      3.7                       2.8    0.9      3.4
  SINCE JUL 1     33.9                      20.9   13.0     45.7
  SNOW DEPTH       0

DEGREE DAYS
 HEATING
  YESTERDAY        0                         7     -7        5
  MONTH TO DATE   13                        21     -8       32
  SINCE MAR 1   1028                      1095    -67     1176
  SINCE JUL 1   5597                      5366    231     6123

 COOLING
  YESTERDAY        7                         1      6        0
  MONTH TO DATE    7                         3      4        0
  SINCE MAR 1     17                        23     -6       10
  SINCE JAN 1     17                        23     -6       10
..................................................................


WIND (MPH)
  HIGHEST WIND SPEED    25   HIGHEST WIND DIRECTION     S (200)
  HIGHEST GUST SPEED    33   HIGHEST GUST DIRECTION     S (190)
  AVERAGE WIND SPEED    14.2


SKY COVER
  POSSIBLE SUNSHINE  MM
  AVERAGE SKY COVER 0.2


WEATHER CONDITIONS
 THE FOLLOWING WEATHER WAS RECORDED YESTERDAY.
  NO SIGNIFICANT WEATHER WAS OBSERVED.


RELATIVE HUMIDITY (PERCENT)
 HIGHEST    60          1200 AM
 LOWEST     29           400 PM
 AVERAGE    45

..........................................................


THE SPRINGFIELD IL CLIMATE NORMALS FOR TODAY
                         NORMAL    RECORD    YEAR
 MAXIMUM TEMPERATURE (F)   71        90      1952
 MINIMUM TEMPERATURE (F)   49        30      2005
                                             1954


SUNRISE AND SUNSET
MAY  4 2015...........SUNRISE   556 AM CDT   SUNSET   756 PM CDT
MAY  5 2015...........SUNRISE   555 AM CDT   SUNSET   757 PM CDT


-  INDICATES NEGATIVE NUMBERS.
R  INDICATES RECORD WAS SET OR TIED.
MM INDICATES DATA IS MISSING.
T  INDICATES TRACE AMOUNT.




$$
