000
CDUS42 KTBW 210827
CLISRQ


CLIMATE REPORT
NATIONAL WEATHER SERVICE TAMPA BAY FL
426 AM EDT TUE APR 21 2015


...................................

...THE SARASOTA BRADENTON CLIMATE SUMMARY FOR APRIL 20 2015...

CLIMATE NORMAL PERIOD 1981 TO 2010
CLIMATE RECORD PERIOD 1911 TO 2015


WEATHER ITEM   OBSERVED TIME   RECORD YEAR NORMAL DEPARTURE LAST
                VALUE   (LST)  VALUE       VALUE  FROM      YEAR
                                                  NORMAL
..................................................................
TEMPERATURE (F)
 YESTERDAY
  MAXIMUM         85    212 PM  92    1990  81      4       75
                                      1965
  MINIMUM         69   1159 PM  42    1936  62      7       60
  AVERAGE         77                        72      5       68

PRECIPITATION (IN)
  YESTERDAY        0.22          2.08 1960   0.09   0.13     0.00
  MONTH TO DATE    0.33                      1.72  -1.39     1.24
  SINCE MAR 1      1.31                      5.58  -4.27     7.71
  SINCE JAN 1      6.19                     10.77  -4.58    11.33

DEGREE DAYS
 HEATING
  YESTERDAY        0                         0      0        0
  MONTH TO DATE    0                         8     -8        0
  SINCE MAR 1     13                        57    -44       37
  SINCE JUL 1    470                       475     -5      345

 COOLING
  YESTERDAY       12                         7      5        3
  MONTH TO DATE  205                       116     89      124
  SINCE MAR 1    427                       216    211      210
  SINCE JAN 1    496                       320    176      326
..................................................................


WIND (MPH)
  HIGHEST WIND SPEED    32   HIGHEST WIND DIRECTION     W (280)
  HIGHEST GUST SPEED    40   HIGHEST GUST DIRECTION     W (280)
  AVERAGE WIND SPEED     9.2


SKY COVER
  POSSIBLE SUNSHINE  MM
  AVERAGE SKY COVER 0.3


WEATHER CONDITIONS
 THE FOLLOWING WEATHER WAS RECORDED YESTERDAY.
  THUNDERSTORM
  HEAVY RAIN
  RAIN
  LIGHT RAIN
  FOG


RELATIVE HUMIDITY (PERCENT)
 HIGHEST   100           100 AM
 LOWEST     67           900 AM

..........................................................


THE SARASOTA BRADENTON CLIMATE NORMALS FOR TODAY
                         NORMAL    RECORD    YEAR
 MAXIMUM TEMPERATURE (F)   82        91      1946
 MINIMUM TEMPERATURE (F)   62        45      1953


SUNRISE AND SUNSET
APRIL 21 2015.........SUNRISE   700 AM EDT   SUNSET   758 PM EDT
APRIL 22 2015.........SUNRISE   659 AM EDT   SUNSET   759 PM EDT


-  INDICATES NEGATIVE NUMBERS.
R  INDICATES RECORD WAS SET OR TIED.
MM INDICATES DATA IS MISSING.
T  INDICATES TRACE AMOUNT.




$$


&&
------------------------------------------------------------------
******************** SUPPLEMENTAL DATA ***************************

...GULF WATER TEMPERATURE AT NEW PASS 81
