000
CDUS42 KJAX 280536
CLISSI


CLIMATE REPORT
NATIONAL WEATHER SERVICE JACKSONVILLE FL
136 AM EDT TUE APR 28 2015


...................................

...THE ST SIMONS ISLAND CLIMATE SUMMARY FOR APRIL 27 2015...

CLIMATE NORMAL PERIOD 1981 TO 2010
CLIMATE RECORD PERIOD 1948 TO 2015


WEATHER ITEM   OBSERVED TIME   RECORD YEAR NORMAL DEPARTURE LAST
                VALUE   (LST)  VALUE       VALUE  FROM      YEAR
                                                  NORMAL
..................................................................
TEMPERATURE (F)
 YESTERDAY
  MAXIMUM         74    119 AM  94    1986  78     -4       79
  MINIMUM         64   1240 PM  48    2001  61      3       62
  AVERAGE         69                        69      0       71

PRECIPITATION (IN)
  YESTERDAY        0.00          1.12 1964   0.07  -0.07     0.00
  MONTH TO DATE    3.36                      2.30   1.06     7.92
  SINCE MAR 1      5.73                      6.18  -0.45    10.46
  SINCE JAN 1     11.45                     12.87  -1.42    16.94

SNOWFALL (IN)
  YESTERDAY        0.0           0.0    MM                   0.0
  MONTH TO DATE    0.0                                       0.0
  SINCE MAR 1      0.0                                       0.0
  SINCE JUL 1      0.0                                        T
  SNOW DEPTH       0

DEGREE DAYS
 HEATING
  YESTERDAY        0                         1     -1        0
  MONTH TO DATE    0                        54    -54       37
  SINCE MAR 1    114                       231   -117      265
  SINCE JUL 1   1494                      1482     12     1493

 COOLING
  YESTERDAY        4                         5     -1        6
  MONTH TO DATE  170                        87     83       83
  SINCE MAR 1    200                       118     82       97
  SINCE JAN 1    206                       127     79      105
..................................................................


WIND (MPH)
  HIGHEST WIND SPEED    14   HIGHEST WIND DIRECTION    NE (50)
  HIGHEST GUST SPEED    19   HIGHEST GUST DIRECTION    NE (40)
  AVERAGE WIND SPEED     6.8


SKY COVER
  POSSIBLE SUNSHINE  MM
  AVERAGE SKY COVER 0.5


WEATHER CONDITIONS
 THE FOLLOWING WEATHER WAS RECORDED YESTERDAY.
  NO SIGNIFICANT WEATHER WAS OBSERVED.


RELATIVE HUMIDITY (PERCENT)
 HIGHEST    87           500 AM
 LOWEST     66           500 PM
 AVERAGE    77

..........................................................


THE ST SIMONS ISLAND CLIMATE NORMALS FOR TODAY
                         NORMAL    RECORD    YEAR
 MAXIMUM TEMPERATURE (F)   78        92      1985
 MINIMUM TEMPERATURE (F)   61        48      1993


SUNRISE AND SUNSET
APRIL 28 2015.........SUNRISE   644 AM EDT   SUNSET   803 PM EDT
APRIL 29 2015.........SUNRISE   643 AM EDT   SUNSET   803 PM EDT


-  INDICATES NEGATIVE NUMBERS.
R  INDICATES RECORD WAS SET OR TIED.
MM INDICATES DATA IS MISSING.
T  INDICATES TRACE AMOUNT.




$$
