000
CDUS43 KLSX 260745
CLISTL


CLIMATE REPORT
NATIONAL WEATHER SERVICE ST LOUIS MO
245 AM CDT SUN APR 26 2015


...................................

...THE ST. LOUIS CLIMATE SUMMARY FOR APRIL 25 2015...

CLIMATE NORMAL PERIOD 1981 TO 2010
CLIMATE RECORD PERIOD 1874 TO 2015


WEATHER ITEM   OBSERVED TIME   RECORD YEAR NORMAL DEPARTURE LAST
                VALUE   (LST)  VALUE       VALUE  FROM      YEAR
                                                  NORMAL
..................................................................
TEMPERATURE (F)
 YESTERDAY
  MAXIMUM         71   1141 AM  92    1986  71      0       77
  MINIMUM         50   1159 PM  32    1934  51     -1       50
  AVERAGE         61                        61      0       64

PRECIPITATION (IN)
  YESTERDAY        0.29          1.71 1921   0.13   0.16      T
  MONTH TO DATE    5.42                      3.05   2.37     6.64
  SINCE MAR 1      8.42                      6.37   2.05     8.19
  SINCE JAN 1     11.37                     11.01   0.36    11.34

SNOWFALL (IN)
  YESTERDAY        0.0           0.0  2014   0.0    0.0      0.0
  MONTH TO DATE    0.0                       0.4   -0.4       T
  SINCE MAR 1      0.6                       2.7   -2.1      1.6
  SINCE JUL 1     16.8                      17.7   -0.9     28.8
  SNOW DEPTH       0

DEGREE DAYS
 HEATING
  YESTERDAY        4                         6     -2        1
  MONTH TO DATE  126                       243   -117      205
  SINCE MAR 1    695                       831   -136      895
  SINCE JUL 1   4497                      4429     68     4932

 COOLING
  YESTERDAY        0                         2     -2        0
  MONTH TO DATE   25                        32     -7       22
  SINCE MAR 1     25                        39    -14       22
  SINCE JAN 1     25                        39    -14       22
..................................................................


WIND (MPH)
  HIGHEST WIND SPEED    18   HIGHEST WIND DIRECTION    NE (30)
  HIGHEST GUST SPEED    24   HIGHEST GUST DIRECTION    NE (30)
  AVERAGE WIND SPEED     9.3


SKY COVER
  AVERAGE SKY COVER 1.0


WEATHER CONDITIONS
 THE FOLLOWING WEATHER WAS RECORDED YESTERDAY.
  LIGHT RAIN
  FOG
  HAZE


RELATIVE HUMIDITY (PERCENT)
 HIGHEST    93           600 AM
 LOWEST     66          1200 AM
 AVERAGE    80

..........................................................


THE ST. LOUIS CLIMATE NORMALS FOR TODAY
                         NORMAL    RECORD    YEAR
 MAXIMUM TEMPERATURE (F)   71        93      1989
 MINIMUM TEMPERATURE (F)   51        30      1976


SUNRISE AND SUNSET
APRIL 26 2015.........SUNRISE   610 AM CDT   SUNSET   749 PM CDT
APRIL 27 2015.........SUNRISE   609 AM CDT   SUNSET   750 PM CDT


-  INDICATES NEGATIVE NUMBERS.
R  INDICATES RECORD WAS SET OR TIED.
MM INDICATES DATA IS MISSING.
T  INDICATES TRACE AMOUNT.




$$
