000
CDUS46 KMTR 260828
CLISTS


CLIMATE REPORT
NATIONAL WEATHER SERVICE SAN FRANCISCO BAY AREA
128 AM PDT SUN APR 26 2015


...................................

...THE SANTA ROSA AIRPORT CLIMATE SUMMARY FOR APRIL 25 2015...

CLIMATE NORMAL PERIOD 1981 TO 2010
CLIMATE RECORD PERIOD 1998 TO 2015


WEATHER ITEM   OBSERVED TIME   RECORD YEAR NORMAL DEPARTURE LAST
                VALUE   (LST)  VALUE       VALUE  FROM      YEAR
                                                  NORMAL
..................................................................
TEMPERATURE (F)
 YESTERDAY
  MAXIMUM         72    349 PM  88    2004  71      1       58
  MINIMUM         46    519 AM  37    2009  43      3       43
  AVERAGE         59                        57      2       51

PRECIPITATION (IN)
  YESTERDAY        0.01          0.62 2003   0.07  -0.06     0.08
  MONTH TO DATE    1.50                      1.84  -0.34     0.70
  SINCE OCT 1     24.49                     34.02  -9.53    14.02
  SINCE JAN 1      5.94                     20.27 -14.33    12.52

DEGREE DAYS
 HEATING
  YESTERDAY        6                                        14
  MONTH TO DATE  196                                       174
  SINCE MAR 1    415                                       444
  SINCE JUL 1   1871                                      2381

 COOLING
  YESTERDAY        0                                         0
  MONTH TO DATE    0                                         1
  SINCE MAR 1      1                                         1
  SINCE JAN 1      1                                         1
..................................................................


WIND (MPH)
  RESULTANT WIND SPEED   5   RESULTANT WIND DIRECTION  NW (310)
  HIGHEST WIND SPEED    22   HIGHEST WIND DIRECTION    NW (320)
  HIGHEST GUST SPEED    28   HIGHEST GUST DIRECTION    NW (330)
  AVERAGE WIND SPEED     6.7


SKY COVER
  POSSIBLE SUNSHINE  MM
  AVERAGE SKY COVER 0.5


WEATHER CONDITIONS
 THE FOLLOWING WEATHER WAS RECORDED YESTERDAY.
  LIGHT RAIN
  FOG
  FOG W/VISIBILITY <= 1/4 MILE


RELATIVE HUMIDITY (PERCENT)
 HIGHEST   100           400 AM
 LOWEST     29           300 PM
 AVERAGE    65

..........................................................


THE SANTA ROSA AIRPORT CLIMATE NORMALS FOR TODAY
                         NORMAL    RECORD    YEAR
 MAXIMUM TEMPERATURE (F)   71        94      2004
 MINIMUM TEMPERATURE (F)   44        34      2009


SUNRISE AND SUNSET
APRIL 26 2015.........SUNRISE   621 AM PDT   SUNSET   758 PM PDT
APRIL 27 2015.........SUNRISE   619 AM PDT   SUNSET   759 PM PDT


-  INDICATES NEGATIVE NUMBERS.
R  INDICATES RECORD WAS SET OR TIED.
MM INDICATES DATA IS MISSING.
T  INDICATES TRACE AMOUNT.




$$
