000
CDUS44 KBMX 260031
CLITCL


CLIMATE REPORT
NATIONAL WEATHER SERVICE BIRMINGHAM, AL
730 PM CDT SAT APR 25 2015


...................................

...THE TUSCALOOSA CLIMATE SUMMARY FOR APRIL 25 2015...
VALID TODAY AS OF 0700 PM LOCAL TIME.

CLIMATE NORMAL PERIOD 1994 TO 1994
CLIMATE RECORD PERIOD 1994 TO 2015


WEATHER ITEM   OBSERVED TIME   RECORD YEAR NORMAL DEPARTURE LAST
                VALUE   (LST)  VALUE       VALUE  FROM      YEAR
                                                  NORMAL
..................................................................
TEMPERATURE (F)
 TODAY
  MAXIMUM         81    406 PM  87    2009  78      3       79
                                      1954
  MINIMUM         64    604 AM  39    2005  53     11       58
  AVERAGE         73                        66      7       69

PRECIPITATION (IN)
  TODAY            0.55          1.98 1980   0.14   0.41     0.00
  MONTH TO DATE    8.57                      3.54   5.03     7.18
  SINCE MAR 1     12.01                      8.08   3.93    12.46
  SINCE JAN 1     22.76                     18.75   4.01    20.18

SNOWFALL (IN)
  TODAY            0.0                       0.0    0.0
  MONTH TO DATE    0.0                       0.0    0.0
  SINCE MAR 1      T                         0.3   -0.3
  SINCE JUL 1      T                         0.7   -0.7
  SNOW DEPTH       0

DEGREE DAYS

 COOLING
  TODAY            8                         3      5
  MONTH TO DATE   79                        48     31
  SINCE MAR 1     89                        66     23
  SINCE JAN 1     89                        71     18
..................................................................


WIND (MPH)
  HIGHEST WIND SPEED    21   HIGHEST WIND DIRECTION     S (190)
  HIGHEST GUST SPEED    30   HIGHEST GUST DIRECTION     S (180)
  AVERAGE WIND SPEED     6.6


SKY COVER
  AVERAGE SKY COVER 0.7


WEATHER CONDITIONS
 THE FOLLOWING WEATHER WAS RECORDED TODAY.
  THUNDERSTORM
  HEAVY RAIN
  RAIN
  LIGHT RAIN
  FOG
  HAZE


RELATIVE HUMIDITY (PERCENT)
 HIGHEST    93           400 AM
 LOWEST     57          1200 AM
 AVERAGE    75

..........................................................


THE TUSCALOOSA CLIMATE NORMALS FOR TOMORROW
                         NORMAL    RECORD    YEAR
 MAXIMUM TEMPERATURE (F)   79        90      1994
 MINIMUM TEMPERATURE (F)   54        40      1983


SUNRISE AND SUNSET
APRIL 25 2015.........SUNRISE   609 AM CDT   SUNSET   728 PM CDT
APRIL 26 2015.........SUNRISE   608 AM CDT   SUNSET   729 PM CDT


-  INDICATES NEGATIVE NUMBERS.
R  INDICATES RECORD WAS SET OR TIED.
MM INDICATES DATA IS MISSING.
T  INDICATES TRACE AMOUNT.




$$
