000
CDUS46 KPQR 281143
CLITTD


CLIMATE REPORT
NATIONAL WEATHER SERVICE PORTLAND OREGON
442 AM PDT TUE APR 28 2015


...................................

...THE TROUTDALE OR CLIMATE SUMMARY FOR APRIL 27 2015...

CLIMATE NORMAL PERIOD 1981 TO 2010
CLIMATE RECORD PERIOD 1948 TO 2015


WEATHER ITEM   OBSERVED TIME   RECORD YEAR NORMAL DEPARTURE LAST
                VALUE   (LST)  VALUE       VALUE  FROM      YEAR
                                                  NORMAL
..................................................................
TEMPERATURE (F)
 YESTERDAY
  MAXIMUM         80    402 PM  84    1987  64     16       56
  MINIMUM         48    526 AM  31    1948  42      6       45
  AVERAGE         64                        53     11       51

PRECIPITATION (IN)
  YESTERDAY        0.00                      0.12  -0.12     0.15
  MONTH TO DATE    2.17                      3.51  -1.34     3.28
  SINCE OCT 1     27.49                     37.82 -10.33    22.49
  SINCE JAN 1     12.53                     19.42  -6.89    14.90

DEGREE DAYS
 HEATING
  YESTERDAY        1                        12    -11       14
  MONTH TO DATE  350                       372    -22      313

 COOLING
  YESTERDAY        0                         0      0        0
  MONTH TO DATE    0                         0      0        0
..................................................................


WIND (MPH)
  HIGHEST WIND SPEED    21   HIGHEST WIND DIRECTION     E (90)
  HIGHEST GUST SPEED    26   HIGHEST GUST DIRECTION     E (90)
  AVERAGE WIND SPEED     9.3


SKY COVER
  POSSIBLE SUNSHINE  MM
  AVERAGE SKY COVER 0.2


WEATHER CONDITIONS
 THE FOLLOWING WEATHER WAS RECORDED YESTERDAY.
  NO SIGNIFICANT WEATHER WAS OBSERVED.


RELATIVE HUMIDITY (PERCENT)
 HIGHEST    89           400 AM
 LOWEST     36           600 PM
 AVERAGE    63

..........................................................


THE TROUTDALE OR CLIMATE NORMALS FOR TODAY
                         NORMAL    RECORD    YEAR
 MAXIMUM TEMPERATURE (F)   64        84      1998
 MINIMUM TEMPERATURE (F)   43        33      1973


SUNRISE AND SUNSET
APRIL 28 2015.........SUNRISE   602 AM PDT   SUNSET   813 PM PDT
APRIL 29 2015.........SUNRISE   601 AM PDT   SUNSET   814 PM PDT


-  INDICATES NEGATIVE NUMBERS.
R  INDICATES RECORD WAS SET OR TIED.
MM INDICATES DATA IS MISSING.
T  INDICATES TRACE AMOUNT.




$$
