000
CDUS45 KTWC 270731
CLITUS

CLIMATE REPORT NATIONAL WEATHER SERVICE TUCSON AZ

1230 AM MST MON APR 27 2015


...................................

...THE TUCSON AZ CLIMATE SUMMARY FOR APRIL 26 2015...

CLIMATE NORMAL PERIOD 1981 TO 2010
CLIMATE RECORD PERIOD 1895 TO 2015


WEATHER ITEM   OBSERVED TIME   RECORD YEAR NORMAL DEPARTURE LAST
                VALUE   (LST)  VALUE       VALUE  FROM      YEAR
                                                  NORMAL
..................................................................
TEMPERATURE (F)
 YESTERDAY
  MAXIMUM         73    348 PM  99    1992  85    -12       72
  MINIMUM         52    713 AM  34    1921  55     -3       55
  AVERAGE         63                        70     -7       64

PRECIPITATION (IN)
  YESTERDAY        0.16R         0.03 2001   0.01   0.15     0.02
                                      1985
  MONTH TO DATE    0.16                      0.29  -0.13     0.02
  SINCE OCT 1      7.11                      5.21   1.90     3.66
  SINCE JAN 1      3.61                      2.82   0.79     0.61

DEGREE DAYS
 HEATING
  YESTERDAY        2                         1      1        1
  MONTH TO DATE   13                        56    -43       22
  SINCE MAR 1     60                       235   -175       64
  SINCE JUL 1    902                      1502   -600      897

 COOLING
  YESTERDAY        0                         6     -6        0
  MONTH TO DATE  107                        95     12      150
  SINCE MAR 1    200                       124     76      180
  SINCE JAN 1    208                       128     80      204
..................................................................


WIND (MPH)
  HIGHEST WIND SPEED    31   HIGHEST WIND DIRECTION     W (270)
  HIGHEST GUST SPEED    40   HIGHEST GUST DIRECTION     W (270)
  AVERAGE WIND SPEED     9.9


SKY COVER
  POSSIBLE SUNSHINE  MM
  AVERAGE SKY COVER 0.6


WEATHER CONDITIONS
 THE FOLLOWING WEATHER WAS RECORDED YESTERDAY.
  THUNDERSTORM
  LIGHT RAIN
  FOG


RELATIVE HUMIDITY (PERCENT)
 HIGHEST    89
 LOWEST     17
 AVERAGE    53

..........................................................


THE TUCSON AZ CLIMATE NORMALS FOR TODAY
                         NORMAL    RECORD    YEAR
 MAXIMUM TEMPERATURE (F)   86       101      1992
 MINIMUM TEMPERATURE (F)   55        36      1920


SUNRISE AND SUNSET
APRIL 27 2015.........SUNRISE   542 AM MST   SUNSET   701 PM MST
APRIL 28 2015.........SUNRISE   541 AM MST   SUNSET   702 PM MST


-  INDICATES NEGATIVE NUMBERS.
R  INDICATES RECORD WAS SET OR TIED.
MM INDICATES DATA IS MISSING.
T  INDICATES TRACE AMOUNT.




$$
