000
CDUS43 KAPX 060537
CLITVC


CLIMATE REPORT
NATIONAL WEATHER SERVICE GAYLORD MI
136 AM EDT WED MAY 6 2015


...................................

...THE TRAVERSE CITY MI CLIMATE SUMMARY FOR MAY 5 2015...

CLIMATE NORMAL PERIOD 1981 TO 2010
CLIMATE RECORD PERIOD 1896 TO 2015


WEATHER ITEM   OBSERVED TIME   RECORD YEAR NORMAL DEPARTURE LAST
                VALUE   (LST)  VALUE       VALUE  FROM      YEAR
                                                  NORMAL
..................................................................
TEMPERATURE (F)
 YESTERDAY
  MAXIMUM         68    322 PM  90    1959  62      6       50
  MINIMUM         35    509 AM  24    1968  38     -3       35
  AVERAGE         52                        50      2       43

PRECIPITATION (IN)
  YESTERDAY       MM             0.97 1979   0.08  MM        0.00
  MONTH TO DATE    0.02                      0.40  -0.38     0.33
  SINCE MAR 1      1.95                      5.04  -3.09     5.41
  SINCE JAN 1      2.73                      9.36  -6.63     6.83

DEGREE DAYS
 HEATING
  YESTERDAY       13                        15     -2       22
  MONTH TO DATE   47                        80    -33      105
  SINCE MAR 1   1780                      1807    -27     2137
  SINCE JUL 1   7512                      7147    365     7859

 COOLING
  YESTERDAY        0                         0      0        0
  MONTH TO DATE    5                         0      5        0
  SINCE MAR 1      5                         3      2        0
  SINCE JAN 1      5                         3      2        0
..................................................................


WIND (MPH)
  HIGHEST WIND SPEED     9   HIGHEST WIND DIRECTION    NE (30)
  HIGHEST GUST SPEED    11   HIGHEST GUST DIRECTION    NE (30)
  AVERAGE WIND SPEED     2.1




RELATIVE HUMIDITY (PERCENT)
 HIGHEST    92
 LOWEST     32
 AVERAGE    62

..........................................................


THE TRAVERSE CITY MI CLIMATE NORMALS FOR TODAY
                         NORMAL    RECORD    YEAR
 MAXIMUM TEMPERATURE (F)   63        89      1959
 MINIMUM TEMPERATURE (F)   38        20      1968


SUNRISE AND SUNSET
MAY  6 2015...........SUNRISE   626 AM EDT   SUNSET   853 PM EDT
MAY  7 2015...........SUNRISE   624 AM EDT   SUNSET   854 PM EDT


-  INDICATES NEGATIVE NUMBERS.
R  INDICATES RECORD WAS SET OR TIED.
MM INDICATES DATA IS MISSING.
T  INDICATES TRACE AMOUNT.




$$
