000
CDUS44 KSHV 032136
CLITXK


CLIMATE REPORT
NATIONAL WEATHER SERVICE SHREVEPORT, LA
431 PM CDT SUN MAY 3 2015


...................................

...THE TEXARKANA CLIMATE SUMMARY FOR MAY 3 2015...
VALID TODAY AS OF 0400 PM LOCAL TIME.

CLIMATE NORMAL PERIOD 1981 TO 2010
CLIMATE RECORD PERIOD 1896 TO 2015


WEATHER ITEM   OBSERVED TIME   RECORD YEAR NORMAL DEPARTURE LAST
                VALUE   (LST)  VALUE       VALUE  FROM      YEAR
                                                  NORMAL
..................................................................
TEMPERATURE (F)
 TODAY
  MAXIMUM         82    214 PM  91    1943  79      3       84
  MINIMUM         62    616 AM  38    1970  58      4       46
  AVERAGE         72                        68      4       65

PRECIPITATION (IN)
  TODAY            0.00          2.52 1975   0.18  -0.18     0.00
  MONTH TO DATE    0.00                      0.52  -0.52     0.00
  SINCE DEC 1     27.87                     21.10   6.77    16.18
  SINCE JAN 1     25.19                     16.05   9.14    10.35

DEGREE DAYS
 HEATING
  TODAY            0                         1     -1        0
  MONTH TO DATE    0                         3     -3       13
  SINCE MAR 1    422                       412     10      551
  SINCE JUL 1   2803                      2606    197     3019

 COOLING
  TODAY            7                         4      3        0
  MONTH TO DATE    8                        12     -4        0
  SINCE MAR 1    105                       105      0       78
  SINCE JAN 1    105                       109     -4       78
..................................................................


WIND (MPH)
  HIGHEST WIND SPEED    15   HIGHEST WIND DIRECTION    SE (150)
  HIGHEST GUST SPEED    20   HIGHEST GUST DIRECTION    SW (230)
  AVERAGE WIND SPEED     8.3


SKY COVER
  POSSIBLE SUNSHINE  MM
  AVERAGE SKY COVER 0.2


WEATHER CONDITIONS
 THE FOLLOWING WEATHER WAS RECORDED TODAY.
  NO SIGNIFICANT WEATHER WAS OBSERVED.


RELATIVE HUMIDITY (PERCENT)
 HIGHEST    78           600 AM
 LOWEST     45          1200 PM
 AVERAGE    62

..........................................................


THE TEXARKANA CLIMATE NORMALS FOR TOMORROW
                         NORMAL    RECORD    YEAR
 MAXIMUM TEMPERATURE (F)   80        92      1947
 MINIMUM TEMPERATURE (F)   58        39      1954


SUNRISE AND SUNSET
MAY  3 2015...........SUNRISE   626 AM CDT   SUNSET   800 PM CDT
MAY  4 2015...........SUNRISE   625 AM CDT   SUNSET   801 PM CDT


-  INDICATES NEGATIVE NUMBERS.
R  INDICATES RECORD WAS SET OR TIED.
MM INDICATES DATA IS MISSING.
T  INDICATES TRACE AMOUNT.




$$
