000
CDUS44 KMRX 050842
CLITYS

CLIMATE REPORT
NATIONAL WEATHER SERVICE MORRISTOWN TN

440 AM EDT TUE MAY 5 2015


...................................

...THE KNOXVILLE CLIMATE SUMMARY FOR MAY 4 2015...

CLIMATE NORMAL PERIOD 1981 TO 2010
CLIMATE RECORD PERIOD 1871 TO 2015


WEATHER ITEM   OBSERVED TIME   RECORD YEAR NORMAL DEPARTURE LAST
                VALUE   (LST)  VALUE       VALUE  FROM      YEAR
                                                  NORMAL
..................................................................
TEMPERATURE (F)
 YESTERDAY
  MAXIMUM         81    459 PM  91    1902  75      6       84
  MINIMUM         52    448 AM  32    1986  53     -1       51
  AVERAGE         67                        64      3       68

PRECIPITATION (IN)
  YESTERDAY        0.00          2.15 1879   0.15  -0.15     0.00
  MONTH TO DATE    0.00                      0.60  -0.60     0.00
  SINCE MAR 1      8.58                      8.95  -0.37     6.74
  SINCE JAN 1     15.72                     17.53  -1.81    14.81

SNOWFALL (IN)
  YESTERDAY        0.0                       0.0    0.0      0.0
  MONTH TO DATE    0.0                       0.0    0.0      0.0
  SINCE MAR 1      T                         1.4   -1.4      0.5
  SINCE JUL 1      9.3                       6.5    2.8     12.4
  SNOW DEPTH       0

DEGREE DAYS
 HEATING
  YESTERDAY        0                         3     -3        0
  MONTH TO DATE   22                        14      8       23
  SINCE MAR 1    572                       693   -121      712
  SINCE JUL 1   3837                      3589    248     3759

 COOLING
  YESTERDAY        2                         2      0        3
  MONTH TO DATE    2                         8     -6        3
  SINCE MAR 1     27                        45    -18       35
  SINCE JAN 1     27                        45    -18       35
..................................................................


WIND (MPH)
  HIGHEST WIND SPEED    16   HIGHEST WIND DIRECTION    SW (220)
  HIGHEST GUST SPEED    22   HIGHEST GUST DIRECTION    SW (220)
  AVERAGE WIND SPEED     3.4


SKY COVER
  POSSIBLE SUNSHINE  MM
  AVERAGE SKY COVER 0.2


WEATHER CONDITIONS
 THE FOLLOWING WEATHER WAS RECORDED YESTERDAY.
  NO SIGNIFICANT WEATHER WAS OBSERVED.


RELATIVE HUMIDITY (PERCENT)
 HIGHEST    89           600 AM
 LOWEST     30           300 PM
 AVERAGE    60

..........................................................


THE KNOXVILLE CLIMATE NORMALS FOR TODAY
NORMAL    RECORD    YEAR                     MAXIMUM TEMPERATURE (F)
  75        93      1959                     MINIMUM TEMPERATURE (F)
  53        37      2011
                    1954


SUNRISE AND SUNSET
MAY  5 2015...........SUNRISE   640 AM EDT   SUNSET   826 PM EDT
MAY  6 2015...........SUNRISE   639 AM EDT   SUNSET   827 PM EDT


-  INDICATES NEGATIVE NUMBERS.
R  INDICATES RECORD WAS SET OR TIED.
MM INDICATES DATA IS MISSING.
T  INDICATES TRACE AMOUNT.




$$
