000
CDUS43 KLSX 030730
CLIUIN


CLIMATE REPORT
NATIONAL WEATHER SERVICE ST LOUIS MO
229 AM CDT SUN MAY 3 2015


...................................

...THE QUINCY IL CLIMATE SUMMARY FOR MAY 2 2015...

CLIMATE NORMAL PERIOD 1981 TO 2010
CLIMATE RECORD PERIOD 1901 TO 2015


WEATHER ITEM   OBSERVED TIME   RECORD YEAR NORMAL DEPARTURE LAST
                VALUE   (LST)  VALUE       VALUE  FROM      YEAR
                                                  NORMAL
..................................................................
TEMPERATURE (F)
 YESTERDAY
  MAXIMUM         75   1246 PM  90    1928  69      6       63
  MINIMUM         53    424 AM  29    1908  49      4       46
  AVERAGE         64                        59      5

PRECIPITATION (IN)
  YESTERDAY        0.05          1.76 1936   0.12  -0.07     0.00
  MONTH TO DATE    0.05                      0.25  -0.20      T
  SINCE MAR 1      2.70                      6.40  -3.70     4.13
  SINCE JAN 1      4.74                      9.80  -5.06     6.25

DEGREE DAYS
 HEATING
  YESTERDAY        1                         7     -6
  MONTH TO DATE   10                        15     -5
  SINCE MAR 1    998                      1103   -105
  SINCE JUL 1   5664                      5445    219

 COOLING
  YESTERDAY        0                         1     -1
  MONTH TO DATE    0                         2     -2
  SINCE MAR 1      6                        20    -14
  SINCE JAN 1      6                        20    -14
..................................................................


WIND (MPH)
  HIGHEST WIND SPEED    18   HIGHEST WIND DIRECTION    NW (300)
  HIGHEST GUST SPEED    22   HIGHEST GUST DIRECTION    NW (300)
  AVERAGE WIND SPEED     6.7


SKY COVER
  AVERAGE SKY COVER 0.6



RELATIVE HUMIDITY (PERCENT)
 HIGHEST    80           800 PM
 LOWEST     27           100 PM
 AVERAGE    54

..........................................................


THE QUINCY IL CLIMATE NORMALS FOR TODAY
                         NORMAL    RECORD    YEAR
 MAXIMUM TEMPERATURE (F)   69        88      1949
                                             1901
 MINIMUM TEMPERATURE (F)   49        31      2005
                                             1907


SUNRISE AND SUNSET
MAY  3 2015...........SUNRISE   603 AM CDT   SUNSET   801 PM CDT
MAY  4 2015...........SUNRISE   602 AM CDT   SUNSET   802 PM CDT


-  INDICATES NEGATIVE NUMBERS.
R  INDICATES RECORD WAS SET OR TIED.
MM INDICATES DATA IS MISSING.
T  INDICATES TRACE AMOUNT.




$$
