000
CDUS43 KSGF 180645
CLIUNO


CLIMATE REPORT
NATIONAL WEATHER SERVICE SPRINGFIELD MO
143 AM CDT SAT APR 18 2015


...................................

...THE WEST PLAINS MO CLIMATE SUMMARY FOR APRIL 17 2015...

CLIMATE NORMAL PERIOD 1981 TO 2010
CLIMATE RECORD PERIOD 1947 TO 2015


WEATHER ITEM   OBSERVED TIME   RECORD YEAR NORMAL DEPARTURE LAST
                VALUE   (LST)  VALUE       VALUE  FROM      YEAR
                                                  NORMAL
..................................................................
TEMPERATURE (F)
 YESTERDAY
  MAXIMUM         77    421 PM  87    2006  70      7       67
  MINIMUM         51    339 AM  24    1951  46      5       38
  AVERAGE         64                        58      6       53

PRECIPITATION (IN)
  YESTERDAY        0.00          1.18 1953   0.16  -0.16     0.00
  MONTH TO DATE    0.15                      2.37  -2.22     3.35
  SINCE MAR 1      4.18                      6.66  -2.48     6.57
  SINCE JAN 1      8.86                     12.22  -3.36     8.42

DEGREE DAYS
 HEATING
  YESTERDAY        1                         8     -7       12
  MONTH TO DATE  101                       172    -71      193
  SINCE MAR 1    660                       718    -58      895
  SINCE JUL 1   4457                      4182    275     4693

 COOLING
  YESTERDAY        0                         1     -1        0
  MONTH TO DATE   15                        12      3        7
  SINCE MAR 1     15                        16     -1        7
  SINCE JAN 1     15                        16     -1        7
..................................................................


WIND (MPH)
  HIGHEST WIND SPEED    13   HIGHEST WIND DIRECTION    SE (150)
  HIGHEST GUST SPEED    16   HIGHEST GUST DIRECTION    SE (120)
  AVERAGE WIND SPEED     4.5


SKY COVER
  AVERAGE SKY COVER 0.4


WEATHER CONDITIONS
 THE FOLLOWING WEATHER WAS RECORDED YESTERDAY.
  FOG
  FOG W/VISIBILITY <= 1/4 MILE


RELATIVE HUMIDITY (PERCENT)
 HIGHEST   100           400 AM
 LOWEST     50           300 PM
 AVERAGE    75

..........................................................


THE WEST PLAINS MO CLIMATE NORMALS FOR TODAY
                         NORMAL    RECORD    YEAR
 MAXIMUM TEMPERATURE (F)   71        89      2006
 MINIMUM TEMPERATURE (F)   46        28      1953


SUNRISE AND SUNSET
APRIL 18 2015.........SUNRISE   630 AM CDT   SUNSET   745 PM CDT
APRIL 19 2015.........SUNRISE   629 AM CDT   SUNSET   746 PM CDT


-  INDICATES NEGATIVE NUMBERS.
R  INDICATES RECORD WAS SET OR TIED.
MM INDICATES DATA IS MISSING.
T  INDICATES TRACE AMOUNT.




$$
