000
CDUS44 KCRP 010934
CLIVCT

CLIMATE REPORT
NATIONAL WEATHER SERVICE CORPUS CHRISTI TX
430 AM CDT WED APR 1 2015


...THE VICTORIA CLIMATE SUMMARY FOR MARCH 31 2015...

CLIMATE NORMAL PERIOD 1981 TO 2010
CLIMATE RECORD PERIOD 1893 TO 2015


WEATHER ITEM   OBSERVED TIME   RECORD YEAR NORMAL DEPARTURE LAST
                VALUE   (LST)  VALUE       VALUE  FROM      YEAR
                                                  NORMAL
..................................................................
TEMPERATURE (F)
 YESTERDAY
  MAXIMUM         82    229 PM  88    1948  78      4       80
                                      1940
                                      1927
  MINIMUM         60    331 AM  32    1937  55      5       59
  AVERAGE         71                        66      5       70

PRECIPITATION (IN)
  YESTERDAY        0.00          4.35 2007   0.08  -0.08     0.00
  MONTH TO DATE    8.37                      2.77   5.60     1.62
  SINCE MAR 1      8.37                      2.77   5.60     1.62
  SINCE JAN 1     12.42                      7.37   5.05     3.28

SNOWFALL (IN)
  YESTERDAY        0.0
  MONTH TO DATE    0.0
  SINCE MAR 1      0.0
  SINCE JUL 1      0.0
  SNOW DEPTH       0

DEGREE DAYS
 HEATING
  YESTERDAY        0                         2     -2        0
  MONTH TO DATE  139                       125     14      205
  SINCE MAR 1    139                       125     14      205
  SINCE JUL 1   1219                      1218      1     1458

 COOLING
  YESTERDAY        6                         4      2        5
  MONTH TO DATE   60                        74    -14       52
  SINCE MAR 1     60                        74    -14       52
  SINCE JAN 1     75                       112    -37      110
..................................................................


WIND (MPH)
  HIGHEST WIND SPEED    18   HIGHEST WIND DIRECTION     S (170)
  HIGHEST GUST SPEED    23   HIGHEST GUST DIRECTION     S (160)
  AVERAGE WIND SPEED    10.1


SKY COVER
  POSSIBLE SUNSHINE  MM
  AVERAGE SKY COVER 0.5


WEATHER CONDITIONS
 THE FOLLOWING WEATHER WAS RECORDED YESTERDAY.
  FOG
  FOG W/VISIBILITY <= 1/4 MILE
  HAZE


RELATIVE HUMIDITY (PERCENT)
 HIGHEST   100          1200 AM
 LOWEST     62          1100 AM
 AVERAGE    81

..........................................................


THE VICTORIA CLIMATE NORMALS FOR TODAY
                         NORMAL    RECORD    YEAR
 MAXIMUM TEMPERATURE (F)   78        99      1939
 MINIMUM TEMPERATURE (F)   56        40      1937
                                             1931


SUNRISE AND SUNSET
APRIL  1 2015.........SUNRISE   718 AM CDT   SUNSET   746 PM CDT
APRIL  2 2015.........SUNRISE   717 AM CDT   SUNSET   746 PM CDT


-  INDICATES NEGATIVE NUMBERS.
R  INDICATES RECORD WAS SET OR TIED.
MM INDICATES DATA IS MISSING.
T  INDICATES TRACE AMOUNT.


$$

TMT
