000
CDUS46 KPQR 051145
CLIVUO


CLIMATE REPORT
NATIONAL WEATHER SERVICE PORTLAND OREGON
444 AM PDT TUE MAY 5 2015


...................................

...THE VANCOUVER WA CLIMATE SUMMARY FOR MAY 4 2015...

CLIMATE NORMAL PERIOD 1981 TO 2010
CLIMATE RECORD PERIOD 1891 TO 2015


WEATHER ITEM   OBSERVED TIME   RECORD YEAR NORMAL DEPARTURE LAST
                VALUE   (LST)  VALUE       VALUE  FROM      YEAR
                                                  NORMAL
..................................................................
TEMPERATURE (F)
 YESTERDAY
  MAXIMUM         64    444 PM  88    1992  66     -2       59
  MINIMUM         43    514 AM  33    1982  45     -2       52
  AVERAGE         54                        56     -2       56

PRECIPITATION (IN)
  YESTERDAY        0.00                      0.10  -0.10     0.18
  MONTH TO DATE    0.00                      0.37  -0.37     0.59
  SINCE OCT 1     28.88                     32.23  -3.35    22.61
  SINCE JAN 1     13.99                     16.48  -2.49    17.14

DEGREE DAYS
 HEATING
  YESTERDAY       11                                         9
  MONTH TO DATE   28                                        21
  SINCE JUL 1   3518                                      4367

 COOLING
  YESTERDAY        0                                         0
  MONTH TO DATE    0                                         3
  SINCE JAN 1      0                                         3
..................................................................


WIND (MPH)
  HIGHEST WIND SPEED    15   HIGHEST WIND DIRECTION     W (270)
  HIGHEST GUST SPEED    25   HIGHEST GUST DIRECTION    SW (240)
  AVERAGE WIND SPEED     3.4


SKY COVER
  POSSIBLE SUNSHINE  MM
  AVERAGE SKY COVER 0.5


WEATHER CONDITIONS
 THE FOLLOWING WEATHER WAS RECORDED YESTERDAY.
  NO SIGNIFICANT WEATHER WAS OBSERVED.


RELATIVE HUMIDITY (PERCENT)
 HIGHEST    80           600 AM
 LOWEST     43           300 PM
 AVERAGE    62

..........................................................




SUNRISE AND SUNSET
MAY  5 2015...........SUNRISE   553 AM PDT   SUNSET   823 PM PDT
MAY  6 2015...........SUNRISE   551 AM PDT   SUNSET   824 PM PDT


-  INDICATES NEGATIVE NUMBERS.
R  INDICATES RECORD WAS SET OR TIED.
MM INDICATES DATA IS MISSING.
T  INDICATES TRACE AMOUNT.




$$
