000
CDUS46 KLOX 040115
CLIWJF


CLIMATE REPORT
NATIONAL WEATHER SERVICE LOS ANGELES/OXNARD CA
615 PM PDT SUN MAY 3 2015


...................................

...THE LANCASTER CLIMATE SUMMARY FOR MAY 3 2015...
VALID TODAY AS OF 0600 PM LOCAL TIME.

CLIMATE NORMAL PERIOD 1981 TO 2010
CLIMATE RECORD PERIOD 1948 TO 2015


WEATHER ITEM   OBSERVED TIME   RECORD YEAR NORMAL DEPARTURE LAST
                VALUE   (LST)  VALUE       VALUE  FROM      YEAR
                                                  NORMAL
..................................................................
TEMPERATURE (F)
 TODAY
  MAXIMUM         82    220 PM  98    2004  78      4       89
  MINIMUM         51    416 AM  35    1953  50      1       64
  AVERAGE         67                        64      3       77

PRECIPITATION (IN)
  TODAY            0.00          0.21 2003   0.01  -0.01     0.00
  MONTH TO DATE    0.00                      0.02  -0.02     0.00
  SINCE OCT 1      4.33                      6.92  -2.59     3.91
  SINCE JAN 1      1.41                      4.79  -3.38     2.32

SNOWFALL (IN)
  TODAY            0.0           0.0    MM   0.0             0.0
  MONTH TO DATE    0.0                       0.0             0.0
  SINCE MAR 1      0.0                       0.0             0.0
  SINCE JUL 1      0.0                       2.3             0.0
  SNOW DEPTH       0

DEGREE DAYS
 HEATING
  TODAY            0                         3     -3        0
  MONTH TO DATE    0                        11    -11        3
  SINCE MAR 1    402                       586   -184      451
  SINCE JUL 1   2271                      2879   -608     2688

 COOLING
  TODAY            2                         3     -1       12
  MONTH TO DATE   10                         8      2       20
  SINCE MAR 1     38                        38      0       42
  SINCE JAN 1     38                        38      0       48
..................................................................


WIND (MPH)
  HIGHEST WIND SPEED    28   HIGHEST WIND DIRECTION    SW (230)
  HIGHEST GUST SPEED    35   HIGHEST GUST DIRECTION     W (250)
  AVERAGE WIND SPEED    13.8


SKY COVER
  POSSIBLE SUNSHINE  MM
  AVERAGE SKY COVER 0.0


WEATHER CONDITIONS
 THE FOLLOWING WEATHER WAS RECORDED TODAY.
  NO SIGNIFICANT WEATHER WAS OBSERVED.


RELATIVE HUMIDITY (PERCENT)
 HIGHEST    41           400 AM
 LOWEST     14           200 PM
 AVERAGE    28

..........................................................


THE LANCASTER CLIMATE NORMALS FOR TOMORROW
                         NORMAL    RECORD    YEAR
 MAXIMUM TEMPERATURE (F)   79        95      2004
 MINIMUM TEMPERATURE (F)   51        37      1991


SUNRISE AND SUNSET
MAY  3 2015...........SUNRISE   601 AM PDT   SUNSET   739 PM PDT
MAY  4 2015...........SUNRISE   600 AM PDT   SUNSET   740 PM PDT


-  INDICATES NEGATIVE NUMBERS.
R  INDICATES RECORD WAS SET OR TIED.
MM INDICATES DATA IS MISSING.
T  INDICATES TRACE AMOUNT.




$$
