000
CDUS46 KLOX 020113
CLIWJF


CLIMATE REPORT
NATIONAL WEATHER SERVICE LOS ANGELES/OXNARD CA
613 PM PDT WED APR 1 2015


...................................

...THE LANCASTER CLIMATE SUMMARY FOR APRIL 1 2015...
VALID TODAY AS OF 0600 PM LOCAL TIME.

CLIMATE NORMAL PERIOD 1981 TO 2010
CLIMATE RECORD PERIOD 1948 TO 2015


WEATHER ITEM   OBSERVED TIME   RECORD YEAR NORMAL DEPARTURE LAST
                VALUE   (LST)  VALUE       VALUE  FROM      YEAR
                                                  NORMAL
..................................................................
TEMPERATURE (F)
 TODAY
  MAXIMUM         77    312 PM  93    1966  70      7       56
  MINIMUM         50    622 AM  29    1988  41      9       39
  AVERAGE         64                        56      8       48

PRECIPITATION (IN)
  TODAY            0.00          0.88 1982   0.02  -0.02     0.09
  MONTH TO DATE    0.00                      0.02  -0.02     0.09
  SINCE OCT 1      4.32                      6.57  -2.25     3.77
  SINCE JAN 1      1.40                      4.44  -3.04     2.18

SNOWFALL (IN)
  TODAY            0.0           0.0    MM   0.0            MM
  MONTH TO DATE    0.0                       0.0            MM
  SINCE MAR 1      0.0                       0.0             0.0
  SINCE JUL 1      0.0                       2.3             0.0
  SNOW DEPTH       0

DEGREE DAYS
 HEATING
  TODAY            1                        10     -9       17
  MONTH TO DATE    1                        10     -9       17
  SINCE MAR 1    219                       378   -159      304
  SINCE JUL 1   2088                      2671   -583     2541

 COOLING
  TODAY            0                         0      0        0
  MONTH TO DATE    0                         0      0        0
  SINCE MAR 1      6                         2      4        0
  SINCE JAN 1      6                         2      4        6
..................................................................


WIND (MPH)
  HIGHEST WIND SPEED    33   HIGHEST WIND DIRECTION     W (280)
  HIGHEST GUST SPEED    41   HIGHEST GUST DIRECTION     W (270)
  AVERAGE WIND SPEED    23.0


SKY COVER
  POSSIBLE SUNSHINE  MM
  AVERAGE SKY COVER 0.0


WEATHER CONDITIONS
 THE FOLLOWING WEATHER WAS RECORDED TODAY.
  NO SIGNIFICANT WEATHER WAS OBSERVED.


RELATIVE HUMIDITY (PERCENT)
 HIGHEST    50           200 AM
 LOWEST      6           200 PM
 AVERAGE    28

..........................................................


THE LANCASTER CLIMATE NORMALS FOR TOMORROW
                         NORMAL    RECORD    YEAR
 MAXIMUM TEMPERATURE (F)   70        92      1966
 MINIMUM TEMPERATURE (F)   41        25      1975


SUNRISE AND SUNSET
APRIL  1 2015.........SUNRISE   640 AM PDT   SUNSET   714 PM PDT
APRIL  2 2015.........SUNRISE   639 AM PDT   SUNSET   715 PM PDT


-  INDICATES NEGATIVE NUMBERS.
R  INDICATES RECORD WAS SET OR TIED.
MM INDICATES DATA IS MISSING.
T  INDICATES TRACE AMOUNT.




$$
