000
CDUS45 KRIW 040740
CLIWRL


CLIMATE REPORT
NATIONAL WEATHER SERVICE RIVERTON WY
129 AM MDT MON MAY 4 2015


...................................

...THE WORLAND WY CLIMATE SUMMARY FOR MAY 3 2015...

CLIMATE NORMAL PERIOD 1981 TO 2010
CLIMATE RECORD PERIOD 1947 TO 2015


WEATHER ITEM   OBSERVED TIME   RECORD YEAR NORMAL DEPARTURE LAST
                VALUE   (LST)  VALUE       VALUE  FROM      YEAR
                                                  NORMAL
..................................................................
TEMPERATURE (F)
 YESTERDAY
  MAXIMUM         68    301 PM  89    1986  66      2       71
  MINIMUM         46    435 AM  25    1967  37      9       40
  AVERAGE         57                        51      6       56

PRECIPITATION (IN)
  YESTERDAY        0.00          0.18 1991   0.04  -0.04     0.00
  MONTH TO DATE    0.00                      0.13  -0.13     0.00
  SINCE MAR 1      0.35                      1.45  -1.10     0.69
  SINCE JAN 1      1.12                      1.87  -0.75     1.07

DEGREE DAYS
 HEATING
  YESTERDAY        8                        14     -6        9
  MONTH TO DATE   24                        43    -19       35
  SINCE MAR 1   1289                      1509   -220     1557
  SINCE JUL 1   7198                      7510   -312     7937

 COOLING
  YESTERDAY        0                         0      0        0
  MONTH TO DATE    0                         0      0        0
  SINCE MAR 1      0                         1     -1        0
  SINCE JAN 1      0                         1     -1        0
..................................................................


WIND (MPH)
  HIGHEST WIND SPEED    16   HIGHEST WIND DIRECTION     N (350)
  HIGHEST GUST SPEED    19   HIGHEST GUST DIRECTION     N (350)
  AVERAGE WIND SPEED     6.3


SKY COVER
  POSSIBLE SUNSHINE  MM
  AVERAGE SKY COVER 0.3


WEATHER CONDITIONS
 THE FOLLOWING WEATHER WAS RECORDED YESTERDAY.
  NO SIGNIFICANT WEATHER WAS OBSERVED.


RELATIVE HUMIDITY (PERCENT)
 HIGHEST    59          1100 PM
 LOWEST     25          1200 AM
 AVERAGE    42

..........................................................


THE WORLAND WY CLIMATE NORMALS FOR TODAY
                         NORMAL    RECORD    YEAR
 MAXIMUM TEMPERATURE (F)   66        91      1966
 MINIMUM TEMPERATURE (F)   37        21      1967


SUNRISE AND SUNSET
MAY  4 2015...........SUNRISE   600 AM MDT   SUNSET   818 PM MDT
MAY  5 2015...........SUNRISE   558 AM MDT   SUNSET   820 PM MDT


-  INDICATES NEGATIVE NUMBERS.
R  INDICATES RECORD WAS SET OR TIED.
MM INDICATES DATA IS MISSING.
T  INDICATES TRACE AMOUNT.




$$
