000
CDAK47 PAYA 200002
CLIYAK

CLIMATE REPORT
NATIONAL WEATHER SERVICE YAKUTAT, AK
402 PM AKDT SUN APR 19 2015

...................................
...THE YAKUTAT AP CLIMATE SUMMARY FOR APRIL 19 2015...
VALID TODAY AS OF 2:00 PM LOCAL TIME

CLIMATE NORMAL PERIOD  1981 TO  2010
CLIMATE RECORD PERIOD  1948 TO  2015

WEATHER ITEM   OBSERVED TIME    RECORD YEAR NORMAL DEPARTURE LAST
               VALUE    (LST)   VALUE       VALUE  FROM      YEAR
                                                   NORMAL
...................................................................
TEMPERATURE
TODAY
 MAXIMUM            45  0301 PM    59  1994     47      -2     56
 MINIMUM            41  1249 AM    18  1963     31      10     26
 AVERAGE            43                          39       4     41

PRECIPITATION
(INCHES)
 TODAY            1.14           2.89  1982   0.29    0.85   0.00
 MONTH TO DATE   12.39                        5.99    6.40   3.15
 SINCE MAR 1     22.81                       17.03    5.78   7.20
 SINCE JAN 1     47.18                       41.55    5.63  34.26

SNOWFALL
(INCHES)
 TODAY             0.0           13.5  1982    0.2    -0.2    0.0
 MONTH TO DATE     6.8                         8.4    -1.6    5.8
 SINCE MAR 1      34.3                        35.6    -1.3   13.6
 SINCE JUL 1      47.1                       137.8   -90.7  109.0
 SNOW DEPTH (IN)     0                                          T

DEGREE DAYS
 HEATING
  TODAY             22                          26      -4     24
  MONTH TO DATE    506                         541     -35    553
  SINCE MAR 1     1429                        1563    -134   1632
  SINCE JUL 1     6861                        7692    -831   7445

 COOLING
  TODAY              0                           0       0      0
  MONTH TO DATE      0                           0       0      0
  SINCE MAR 1        0                           0       0      0
  SINCE JAN 1        0                           0       0      0
...................................................................

WIND (MPH)
 HIGHEST WIND SPEED    20     HIGHEST WIND DIRECTION    140
 HIGHEST GUST SPEED    31     HIGHEST GUST DIRECTION    100
 AVERAGE WIND SPEED    MM

SKY COVER
  POSSIBLE SUNSHINE  MM            AVERAGE SKY COVER MM

WEATHER CONDITIONS
 THE FOLLOWING WEATHER WAS RECORDED TODAY.
FOG
RAIN


RELATIVE HUMIDITY
 HIGHEST RH     MM PERCENT       MM
 LOWEST  RH     MM PERCENT       MM
 AVERAGE RH     MM PERCENT       MM
...................................................................

THE YAKUTAT CLIMATE NORMALS FOR TOMORROW
                        NORMAL    RECORD   YEAR
 MAXIMUM TEMPERATURE      47        58     1989
 MINIMUM TEMPERATURE      31         5     1972

SUNRISE AND SUNSET
 APR 19 2015..........SUNRISE  5:53 AM      SUNSET  8:46 PM
 APR 20 2015..........SUNRISE  5:50 AM      SUNSET  8:48 PM

-  INDICATES NEGATIVE NUMBERS.
R  INDICATES RECORD HAS BEEN SET OR TIED.
MM INDICATES DATA IS MISSING.
T  INDICATES TRACE OF PRECIPITATION.

&&
-------------------------------------------------------------------

AMOUNT OF DAYLIGHT TODAY  (HOUR:MIN)........14 HOURS 53 MINUTES
GAIN/LOSS SINCE YESTERDAY (HOUR:MIN:SEC)....+0:05:16

$$
DC APR 15
