000
CXUS55 KBOI 011649
CLMBOI

CLIMATE REPORT
NATIONAL WEATHER SERVICE BOISE ID
1048 AM MDT WED APR 1 2015

...WARMEST MARCH EVER AT THE BOISE AIR TERMINAL...

IN THE BOISE AREA SINCE 1900 ONLY MARCH 1934 WAS WARMER.

MARCH "CAME IN LIKE A LION"...BREEZY AND COOL. THERE WAS EVEN A
TRACE OF SNOW ON THE 1ST. NORTHERLY FLOW ALOFT TRANSPORTED COOL
CANADIAN AIR FROM BRITISH COLUMBIA INTO SOUTHWEST IDAHO...
ACCOMPANIED BY NORTHWEST WINDS GUSTING TO NEARLY 30 MPH ON THE 2ND
AND 3RD. BUT TEMPERATURES FOR THE FIRST FOUR DAYS OF THE MONTH
AVERAGED ONLY AROUND 5 DEGREES BELOW NORMAL. THE HARDCORE ARCTIC AIR
INVADING THE PLAINS STATES WAS UNABLE TO PUSH AS FAR WEST AS BOISE.

TEMPERATURES QUICKLY MODERATED AS A WARM UPPER LEVEL RIDGE BECAME
ESTABLISHED OVER THE COAST BY THE 6TH. THE RIDGE DOMINATED THE
WEATHER FOR THE REST OF THE MONTH...WITH ONLY BRIEF INTERRUPTIONS.

TEMPERATURES WERE ABOVE AVERAGE FROM THE 6TH THROUGH THE 17TH...AND
FROM THE 26TH THROUGH THE 30TH. OVERNIGHT LOWS WERE UNUSUALLY MILD.
THE LOW OF 52 ON THE 14TH SET A NEW RECORD FOR THE DATE. AT THE
AIRPORT LOWS FELL TO 32 DEGREES ONLY TWICE FROM THE 7TH THROUGH THE
END OF THE MONTH.

PACIFIC MOISTURE WAS ABLE TO CREST THE RIDGE OVER THE PACIFIC
NORTHWEST STATES ON THE 14TH THROUGH THE 17TH BRINGING BOISE ONLY
LIGHT AMOUNTS OF RAIN.

ON THE 23RD AND 24TH A PAIR OF WEATHER SYSTEMS FROM THE GULF OF
ALASKA PROVIDED MOST OF THE SPARSE MARCH RAINFALL. THE TWO-DAY TOTAL
AT THE AIRPORT WAS OVER A THIRD OF AN INCH...MOSTLY FALLING ON THE
24TH. IT WAS BY FAR THE MOST RAIN BOISE HAD SEEN SINCE FEBRUARY 9TH.

WEST WINDS GUSTING TO 41 MPH ON THE 23RD AND 31 MPH ON THE 24TH
ACCOMPANIED MUCH COOLER AIR...DROPPING DAYTIME HIGHS BY 15 DEGREES.

THE HIGH 77 AT THE AIRPORT ON BOTH THE 27TH AND 30TH WAS MORE
TYPICAL OF EARLY JUNE THAN LATE MARCH. AT OTHER LOCATIONS AROUND
BOISE LOWER 80S WERE OBSERVED ON THE THOSE DAYS.

STRONG PACIFIC COLD FRONTS FOLLOWED BOTH WARM DAYS...WITH NORTHWEST
WINDS GUSTING TO 46 MPH ON THE 28TH AND 43 MPH ON THE 31ST.

...................................

...THE BOISE ID CLIMATE SUMMARY FOR THE MONTH OF MARCH 2015...

CLIMATE NORMAL PERIOD 1981 TO 2010
CLIMATE RECORD PERIOD 1878 TO 2015

WEATHER         OBSERVED          NORMAL  DEPART  LAST YEAR`S
                 VALUE   DATE(S)  VALUE   FROM    VALUE
                                          NORMAL
.............................................................
TEMPERATURE (F)
HIGHEST            77   03/30
                        03/27
LOWEST             20   03/04
AVG. MAXIMUM     61.8              54.6     7.2
AVG. MINIMUM     37.6              34.4     3.2
MEAN             49.7              44.5     5.2
DAYS MAX >= 90      0
DAYS MAX <= 32      0
DAYS MIN <= 32      8
DAYS MIN <= 0       0

PRECIPITATION (INCHES)
RECORD
 MAXIMUM         7.66   1871
TOTALS           0.51              1.39   -0.88
DAYS >= .01         5
DAYS >= .10         2
DAYS >= .50         0
DAYS >= 1.00        0
GREATEST
 24 HR. TOTAL    0.34   03/23 TO 03/24

SNOWFALL (INCHES)
TOTALS              T
SINCE 7/1        13.3
GREATEST
 SNOW DEPTH         0   MM
 24 HR TOTAL        T   03/01 TO 03/01

DEGREE_DAYS
HEATING TOTAL     467               636    -169      588
 SINCE 7/1       4062              4795    -733
COOLING TOTAL       0                 0       0        0
 SINCE 1/1          0                 0       0
..............................................................

WIND (MPH)
AVERAGE WIND SPEED              6.9
RESULTANT WIND SPEED/DIRECTION   0/175
HIGHEST WIND SPEED/DIRECTION    39/300    DATE  03/28
HIGHEST GUST SPEED/DIRECTION    46/300    DATE  03/28

SKY COVER
POSSIBLE SUNSHINE (PERCENT)   MM

AVERAGE RH (PERCENT)     51


-  INDICATES NEGATIVE NUMBERS.
R  INDICATES RECORD WAS SET OR TIED.
MM INDICATES DATA IS MISSING.
T  INDICATES TRACE AMOUNT.

$$
