000
CXUS55 KABQ 011234
CLMCAO

ABQCLMCAOALL
TTAA00 KABQ 011232


CLIMATE REPORT
NATIONAL WEATHER SERVICE ALBUQUERQUE NM
627 AM MDT FRI MAY 1 2015

...................................

...THE CLAYTON  NM CLIMATE SUMMARY FOR THE MONTH OF APRIL 2015...

CLIMATE NORMAL PERIOD 1981 TO 2010
CLIMATE RECORD PERIOD 1896 TO 2015

WEATHER         OBSERVED          NORMAL  DEPART  LAST YEAR`S
                 VALUE   DATE(S)  VALUE   FROM    VALUE  DATE(S)
                                          NORMAL
................................................................
TEMPERATURE (F)
RECORD
 HIGH              92   04/24/2012
 LOW                7   04/04/1920
HIGHEST            80   04/30        MM      MM       82  04/23
                        04/06                             04/12
                        04/01
LOWEST             27   04/10        MM      MM       22  04/14
AVG. MAXIMUM     69.0              67.0     2.0     67.6
AVG. MINIMUM     39.7              37.7     2.0     38.1
MEAN             54.3              52.4     1.9     52.9
DAYS MAX >= 90      0               0.0     0.0        0
DAYS MAX <= 32      0               0.2    -0.2        0
DAYS MIN <= 32      4               7.1    -3.1        7
DAYS MIN <= 0       0               0.0     0.0        0

PRECIPITATION (INCHES)
RECORD
 MAXIMUM           MM   MM
 MINIMUM           MM   MM
TOTALS           1.29              0.94    0.35     0.27
DAILY AVG.       0.04              0.03    0.01     0.01
DAYS >= .01         7               4.7     2.3        4
DAYS >= .10         4               2.3     1.7        1
DAYS >= .50         1               0.5     0.5        0
DAYS >= 1.00        0               0.2    -0.2        0
GREATEST
 24 HR. TOTAL    0.66   04/26 TO 04/27              0.20

SNOWFALL (INCHES)
RECORDS
 TOTAL             MM   MM
TOTALS            0.0               1.5    -1.5      1.5
SINCE 7/1        26.1              27.3    -1.2      9.8
SNOWDEPTH AVG.      0                MM      MM        0
DAYS >= 1.0         0               0.4    -0.4        1
GREATEST
 SNOW DEPTH         0   MM                             0  MM
 24 HR TOTAL      0.0   04/30 TO 04/30               1.5

DEGREE_DAYS
HEATING TOTAL     312               385     -73      361
 SINCE 7/1       4262              4706    -444     4674
COOLING TOTAL       0                 5      -5        5
 SINCE 1/1          0                 6      -6        5
.................................................................

WIND (MPH)
AVERAGE WIND SPEED              13.9
HIGHEST WIND SPEED/DIRECTION    46/350    DATE  04/02
HIGHEST GUST SPEED/DIRECTION    57/350    DATE  04/19

SKY COVER
AVERAGE SKY COVER           0.20

AVERAGE RH (PERCENT)     47

WEATHER CONDITIONS. NUMBER OF DAYS WITH
THUNDERSTORM              0     MIXED PRECIP               0
HEAVY RAIN                1     RAIN                       3
LIGHT RAIN               10     FREEZING RAIN              0
LT FREEZING RAIN          0     HAIL                       0
HEAVY SNOW                0     SNOW                       0
LIGHT SNOW                0     SLEET                      0
FOG                       7     FOG W/VIS <= 1/4 MILE      3
HAZE                      4

-  INDICATES NEGATIVE NUMBERS.
R  INDICATES RECORD WAS SET OR TIED.
MM INDICATES DATA IS MISSING.
T  INDICATES TRACE AMOUNT.

$$
