000
CXUS51 KLWX 042114
CLMDCA

CLIMATE REPORT
NATIONAL WEATHER SERVICE BALTIMORE MD/WASHINGTON DC
510 PM EDT SAT APR 4 2015

...................................

...THE WASHINGTON NATIONAL DC CLIMATE SUMMARY FOR THE MONTH OF MARCH 2015...

CLIMATE NORMAL PERIOD 1981 TO 2010
CLIMATE RECORD PERIOD 1871 TO 2015

WEATHER         OBSERVED          NORMAL  DEPART  LAST YEAR`S
                 VALUE   DATE(S)  VALUE   FROM    VALUE
                                          NORMAL
.............................................................
TEMPERATURE (F)
RECORD
 HIGH              93   03/23/1907
 LOW                4   03/04/1873
HIGHEST            77   03/26        78      -1
LOWEST             15   03/06        23      -8
AVG. MAXIMUM     54.5              55.9    -1.4     52.2
AVG. MINIMUM     36.1              37.6    -1.5     33.5
MEAN             45.3              46.8    -1.5
DAYS MAX >= 90      0               0.0     0.0
DAYS MAX <= 32      1               0.4     0.6
DAYS MIN <= 32      8               7.1     0.9
DAYS MIN <= 0       0               0.0     0.0

PRECIPITATION (INCHES)
RECORD
 MAXIMUM         8.84   1891
 MINIMUM         0.05   2006
TOTALS           4.04              3.48    0.56     4.26
DAILY AVG.       0.13              0.11    0.02
DAYS >= .01        12              10.5     1.5
DAYS >= .10         8               6.5     1.5
DAYS >= .50         3               2.4     0.6
DAYS >= 1.00        0               0.9    -0.9
GREATEST
 24 HR. TOTAL    0.87   03/05 TO 03/05

SNOWFALL (INCHES)
RECORDS
 TOTAL           19.3   1914
TOTALS            4.9               1.3     3.6     12.7
SINCE 7/1        18.3              15.4     2.9
SNOWDEPTH AVG.      0
DAYS >= TRACE       5               0.9     4.1
DAYS >= 1.0         1               0.4     0.6
GREATEST
 SNOW DEPTH         5   03/06
 24 HR TOTAL      4.8

DEGREE_DAYS
HEATING TOTAL     603               568      35      678
 SINCE 7/1       3727              3676      51     3844
COOLING TOTAL       0                 2      -2        0
 SINCE 1/1          0                 2      -2        0
..............................................................

WIND (MPH)
AVERAGE WIND SPEED              8.4
HIGHEST WIND SPEED/DIRECTION    33/350    DATE  03/31
HIGHEST GUST SPEED/DIRECTION    45/320    DATE  03/15

SKY COVER
POSSIBLE SUNSHINE (PERCENT)   MM
AVERAGE SKY COVER           0.70
NUMBER OF DAYS FAIR            3
NUMBER OF DAYS PC             13
NUMBER OF DAYS CLOUDY         15

AVERAGE RH (PERCENT)     53

WEATHER CONDITIONS. NUMBER OF DAYS WITH
THUNDERSTORM              2     MIXED PRECIP               0
HEAVY RAIN                1     RAIN                       3
LIGHT RAIN               14     FREEZING RAIN              0
LT FREEZING RAIN          1     HAIL                       0
HEAVY SNOW                1     SNOW                       3
LIGHT SNOW                4     SLEET                      4
FOG                      10     FOG W/VIS <= 1/4 MILE      4
HAZE                      8

-  INDICATES NEGATIVE NUMBERS.
R  INDICATES RECORD WAS SET OR TIED.
MM INDICATES DATA IS MISSING.
T  INDICATES TRACE AMOUNT.

&&

WASHINGTON DC...REAGAN NATIONAL AIRPORT...

THE MONTHLY AVERAGE TEMPERATURE WAS BELOW NORMAL FOR THE THIRD
CONSECUTIVE MONTH. MONTHLY PRECIPITATION WAS ABOVE NORMAL.

THIS IS THE FIRST TIME BACK-TO-BACK YEARS HAD BELOW NORMAL MONTHLY
AVERAGE TEMPERATURES IN JANUARY FEBRUARY AND MARCH SINCE 1969-1970.

RELIEF FROM THE COLD TEMPERATURES CAME BRIEFLY ON MARCH 26TH WHEN
DCA OBSERVED A HIGH TEMPERATURE OF 77 DEGREES...ITS WARMEST DAY
SINCE OCTOBER 28TH 2014.

MONTHLY SNOWFALL WAS ABOVE NORMAL. THIS IS THE THIRD CONSECUTIVE
MARCH WITH ABOVE NORMAL SNOWFALL.

A RECORD DAILY MAXIMUM SNOWFALL OF 4.8 INCHES WAS SET ON THE 5TH.
THIS BROKE THE OLD RECORD OF 4.4 INCHES SET IN 1888.

$$
DH/SMZ
