000
CXUS53 KDVN 011008 CCA
CLMDVN

CLIMATE REPORT
NATIONAL WEATHER SERVICE QUAD CITIES IA IL
459 AM CDT FRI MAY 1 2015

...................................

...THE DAVENPORT IA CLIMATE SUMMARY FOR THE MONTH OF APRIL 2015...

CLIMATE NORMAL PERIOD 1981 TO 2010
CLIMATE RECORD PERIOD 9999 TO 9999

WEATHER         OBSERVED          NORMAL  DEPART
                 VALUE   DATE(S)  VALUE   FROM
                                          NORMAL
................................................
TEMPERATURE (F)
HIGHEST            80   04/18        67      13
                        04/01
LOWEST             21   04/04        34     -13
AVG. MAXIMUM     65.0              61.7     3.3
AVG. MINIMUM     37.2              39.0    -1.8
MEAN             51.1              50.3     0.8
DAYS MAX >= 90      0
DAYS MAX <= 32      0
DAYS MIN <= 32      7
DAYS MIN <= 0       0

PRECIPITATION (INCHES)
TOTALS           1.89              3.51   -1.62
DAILY AVG.       0.06              0.12   -0.06
DAYS >= .01         9
DAYS >= .10         5
DAYS >= .50         1
DAYS >= 1.00        0
GREATEST
 24 HR. TOTAL    0.86   04/24 TO 04/25

SNOWFALL (INCHES)
TOTALS              T
SINCE 7/1        32.5
SNOWDEPTH AVG.      0
DAYS >= TRACE       1
DAYS >= 1.0         0
GREATEST
 SNOW DEPTH         0   MM
 24 HR TOTAL        T   04/09 TO 04/09

DEGREE_DAYS
HEATING TOTAL     409               446     -37
 SINCE 7/1       6786              6304     482
COOLING TOTAL       1                 6      -5
 SINCE 1/1          1                 6      -5
.................................................

WIND (MPH)
AVERAGE WIND SPEED              12.1
HIGHEST WIND SPEED/DIRECTION    44/280    DATE  04/21
HIGHEST GUST SPEED/DIRECTION    53/300    DATE  04/21

SKY COVER
POSSIBLE SUNSHINE (PERCENT)   MM
AVERAGE SKY COVER           0.30
NUMBER OF DAYS FAIR           18
NUMBER OF DAYS PC              7
NUMBER OF DAYS CLOUDY          5

AVERAGE RH (PERCENT)     56

WEATHER CONDITIONS. NUMBER OF DAYS WITH
THUNDERSTORM              0     HAIL                       1
SLEET                     0     FOG                       11
FOG W/VIS <= 1/4 MILE     2     HAZE                       8

-  INDICATES NEGATIVE NUMBERS.
R  INDICATES RECORD WAS SET OR TIED.
MM INDICATES DATA IS MISSING.
T  INDICATES TRACE AMOUNT.

$$
===================================================================

NOTE: SUPPLEMENTAL CLIMATE DATA WAS USED FROM A NEARBY
CLIMATOLOGICALLY REPRESENTATIVE STATION.

===================================================================

PARAMETER   DATE
---------   ----
   SNW      TRACE OF SNOWFALL WAS HAIL
