000
CXUS54 KMAF 011320
CLMMAF


CLIMATE REPORT
NATIONAL WEATHER SERVICE MIDLAND/ODESSA TX
819 AM CDT WED APR 1 2015

...................................

...THE MIDLAND CLIMATE SUMMARY FOR THE MONTH OF MARCH 2015...

CLIMATE NORMAL PERIOD 1981 TO 2010
CLIMATE RECORD PERIOD 1930 TO 2015

WEATHER         OBSERVED          NORMAL  DEPART  LAST YEAR`S
                 VALUE   DATE(S)  VALUE   FROM    VALUE  DATE(S)
                                          NORMAL
................................................................
TEMPERATURE (F)
RECORD
 HIGH              97   03/31/1946
 LOW                9   03/02/1980
HIGHEST            91   03/29        71      20       87  03/31
LOWEST             24   03/06        41     -17       18  03/03
                        03/05
                        03/04
AVG. MAXIMUM     67.7              70.2    -2.5     72.2
AVG. MINIMUM     41.8              41.0     0.8     40.5
MEAN             54.7              55.6    -0.9     56.4
DAYS MAX >= 90      1               0.4     0.6        0
DAYS MAX <= 32      0               0.0     0.0        0
DAYS MIN <= 32      6               4.7     1.3        7
DAYS MIN <= 0       0               0.0     0.0        0

PRECIPITATION (INCHES)
RECORD
 MAXIMUM         2.86   1970
 MINIMUM         0.00   1946
TOTALS           1.65              0.60    1.05     0.19
DAILY AVG.       0.05              0.02    0.03     0.01
DAYS >= .01         6               3.6     2.4        3
DAYS >= .10         4               1.5     2.5        1
DAYS >= .50         2               0.4     1.6        0
DAYS >= 1.00        0               0.0     0.0        0
GREATEST
 24 HR. TOTAL    0.66   03/21 TO 03/21              0.10

SNOWFALL (INCHES)
RECORDS
 TOTAL            5.9   1970
                        2003
                        2002
TOTALS              T               0.2    -0.2      0.0
SINCE 7/1         3.6               4.7    -1.1      0.8
SNOWDEPTH AVG.      0                MM      MM        0
DAYS >= 1.0         0               0.1    -0.1        0
GREATEST
 SNOW DEPTH         TR  03/01                          0  MM
 24 HR TOTAL        T   03/04 TO 03/04               0.0

DEGREE_DAYS
HEATING TOTAL     338               307      31      282
 SINCE 7/1       2488              2544     -56     2530
COOLING TOTAL      26                16      10       23
 SINCE 1/1         27                18       9       25
.................................................................

WIND (MPH)
AVERAGE WIND SPEED              8.8
HIGHEST WIND SPEED/DIRECTION    46/020    DATE  03/25
HIGHEST GUST SPEED/DIRECTION    55/020    DATE  03/25

SKY COVER
POSSIBLE SUNSHINE (PERCENT)   MM
AVERAGE SKY COVER           0.30
NUMBER OF DAYS FAIR           19
NUMBER OF DAYS PC              7
NUMBER OF DAYS CLOUDY          5

AVERAGE RH (PERCENT)     64

WEATHER CONDITIONS. NUMBER OF DAYS WITH
THUNDERSTORM              0     MIXED PRECIP               0
HEAVY RAIN                2     RAIN                       4
LIGHT RAIN                6     FREEZING RAIN              1
LT FREEZING RAIN          1     HAIL                       0
HEAVY SNOW                0     SNOW                       0
LIGHT SNOW                1     SLEET                      0
FOG                      14     FOG W/VIS <= 1/4 MILE      4
HAZE                      4

-  INDICATES NEGATIVE NUMBERS.
R  INDICATES RECORD WAS SET OR TIED.
MM INDICATES DATA IS MISSING.
T  INDICATES TRACE AMOUNT.

$$
