000
CXUS54 KSJT 011438
CLMSJT


CLIMATE REPORT
NATIONAL WEATHER SERVICE SAN ANGELO TX
936 AM CDT WED APR 1 2015

...................................

...THE SAN ANGELO CLIMATE SUMMARY FOR THE MONTH OF MARCH 2015...

CLIMATE NORMAL PERIOD 1981 TO 2010
CLIMATE RECORD PERIOD 1907 TO 2015

WEATHER         OBSERVED          NORMAL  DEPART  LAST YEAR`S
                 VALUE   DATE(S)  VALUE   FROM    VALUE  DATE(S)
                                          NORMAL
................................................................
TEMPERATURE (F)
RECORD
 HIGH              98   03/17/1908
 LOW                8   03/02/1980
HIGHEST            93   03/29                         93  03/31
LOWEST             22   03/06                         17  03/03
AVG. MAXIMUM     69.5              71.1    -1.6     73.4
AVG. MINIMUM     44.7              44.4     0.3     41.5
MEAN             57.1              57.8    -0.7     57.5
DAYS MAX >= 90      1               0.6     0.4        2
DAYS MAX <= 32      0               0.0     0.0        0
DAYS MIN <= 32      4               3.5     0.5        8
DAYS MIN <= 0       0               0.0     0.0        0

PRECIPITATION (INCHES)
RECORD
 MAXIMUM         5.00   1953
 MINIMUM         0.00   1963
                        1925
                        1916
TOTALS           1.67              1.50    0.17     0.05
DAILY AVG.       0.05              0.05    0.00     0.00
DAYS >= .01         8               5.6     2.4        3
DAYS >= .10         5               3.0     2.0        0
DAYS >= .50         1               1.1    -0.1        0
DAYS >= 1.00        0               0.3    -0.3        0
GREATEST
 24 HR. TOTAL    0.81   03/20 TO 03/20           03/23 TO 03/23
                                                          03/02 TO 03/02
                                                          03/02 TO 03/02

SNOWFALL (INCHES)
RECORDS
 TOTAL            3.1   1962
TOTALS            0.2               0.1     0.1        T
SINCE 7/1         1.4               2.2    -0.8      1.6
SNOWDEPTH AVG.      0                MM      MM        0
DAYS >= 1.0         0               0.0     0.0        0
GREATEST
 SNOW DEPTH         0   MM                             0  MM

DEGREE_DAYS
HEATING TOTAL     288               257      31      282
 SINCE 7/1       2135              2218     -83     2402
COOLING TOTAL      51                33      18       55
 SINCE 1/1         53                38      15       58
...................................................

WIND (MPH)
AVERAGE WIND SPEED              7.9
HIGHEST WIND SPEED/DIRECTION    43/010    DATE  03/25
HIGHEST GUST SPEED/DIRECTION    51/010    DATE  03/25

SKY COVER
AVERAGE SKY COVER           0.40

AVERAGE RH (PERCENT)     66

WEATHER CONDITIONS. NUMBER OF DAYS WITH
THUNDERSTORM              1     MIXED PRECIP               0
HEAVY RAIN                2     RAIN                       3
LIGHT RAIN               10     FREEZING RAIN              0
LT FREEZING RAIN          2     HAIL                       0
HEAVY SNOW                0     SNOW                       0
LIGHT SNOW                1     SLEET                      1
FOG                       9     FOG W/VIS <= 1/4 MILE      1
HAZE                      0

-  INDICATES NEGATIVE NUMBERS.
R  INDICATES RECORD WAS SET OR TIED.
MM INDICATES DATA IS MISSING.
T  INDICATES TRACE AMOUNT.

$$
