000
CXUS51 KPHI 011133
CLMTTN


CLIMATE REPORT
NATIONAL WEATHER SERVICE MOUNT HOLLY NJ
732 AM EDT WED APR 1 2015

...................................

...THE TRENTON CLIMATE SUMMARY FOR THE MONTH OF MARCH 2015...

CLIMATE NORMAL PERIOD 1981 TO 2010
CLIMATE RECORD PERIOD 1865 TO 2015

WEATHER         OBSERVED          NORMAL  DEPART  LAST YEAR`S
                 VALUE   DATE(S)  VALUE   FROM    VALUE  DATE(S)
                                          NORMAL
................................................................
TEMPERATURE (F)
RECORD
 HIGH              87   03/30/1998
 LOW                1   03/10/1984
                        03/04/1868
HIGHEST            65                MM      MM       67
LOWEST              6                MM      MM       10
AVG. MAXIMUM     45.4              50.9    -5.5     45.9
AVG. MINIMUM     27.5              31.9    -4.4     27.3
MEAN             36.4              41.4    -5.0     36.6
DAYS MAX >= 90      0               0.0     0.0        0
DAYS MAX <= 32      2               1.0     1.0        4
DAYS MIN <= 32     21              15.6     5.4       21
DAYS MIN <= 0       0               0.0     0.0        0

PRECIPITATION (INCHES)
RECORD
 MAXIMUM         8.86   1899
 MINIMUM         0.83   1927
TOTALS           4.34              4.14    0.20     3.33
DAILY AVG.       0.14              0.13    0.01     0.11
DAYS >= .01        12                MM      MM        9
DAYS >= .10        11                MM      MM        4
DAYS >= .50         3                MM      MM        3
DAYS >= 1.00        0                MM      MM        1
GREATEST
 24 HR. TOTAL    0.88   03/14 TO 03/14              1.71

SNOWFALL (INCHES)
RECORDS
 TOTAL             MM   5
 24 HR TOTAL       MM
TOTALS             MM                MM      MM       MM
SINCE 7/1          MM                MM      MM       MM
SNOWDEPTH AVG.     MM                MM      MM       MM
DAYS >= 1.0         0                MM      MM        0
GREATEST
 SNOW DEPTH        MM                                 MM  MM
 24 HR TOTAL       MM                                 MM

DEGREE_DAYS
HEATING TOTAL     878               732     146      873
 SINCE 7/1       4961              4546     415     4959
COOLING TOTAL       0                 0       0        0
 SINCE 1/1          0                 0       0        0
.................................................................

WIND (MPH)
AVERAGE WIND SPEED              7.3
HIGHEST WIND SPEED/DIRECTION    30/350    DATE  03/17
HIGHEST GUST SPEED/DIRECTION    41/340    DATE  03/17

SKY COVER
POSSIBLE SUNSHINE (PERCENT)   MM
AVERAGE SKY COVER           0.50
NUMBER OF DAYS FAIR           12
NUMBER OF DAYS PC             12
NUMBER OF DAYS CLOUDY          7

AVERAGE RH (PERCENT)     59

WEATHER CONDITIONS. NUMBER OF DAYS WITH
THUNDERSTORM              0     MIXED PRECIP               0
HEAVY RAIN                1     RAIN                       6
LIGHT RAIN               12     FREEZING RAIN              2
LT FREEZING RAIN          4     HEAVY SNOW                 1
SNOW                      3     LIGHT SNOW                 7
SLEET                     0     FOG                       16
FOG W/VIS <= 1/4 MILE     4     HAZE                       8

-  INDICATES NEGATIVE NUMBERS.
R  INDICATES RECORD WAS SET OR TIED.
MM INDICATES DATA IS MISSING.
T  INDICATES TRACE AMOUNT.

$$
