000
CDUS43 KGLD 030747
CLIGLD

CLIMATE REPORT
NATIONAL WEATHER SERVICE GOODLAND
145 AM MDT SUN MAY 3 2015

...................................

...THE GOODLAND KS CLIMATE SUMMARY FOR MAY 2 2015...

CLIMATE NORMAL PERIOD 1981 TO 2010
CLIMATE RECORD PERIOD 1895 TO 2015

WEATHER ITEM   OBSERVED TIME   RECORD YEAR NORMAL DEPARTURE LAST
                VALUE   (LST)  VALUE       VALUE  FROM      YEAR
                                                  NORMAL
..................................................................
TEMPERATURE (F)
 YESTERDAY
  MAXIMUM         83    229 PM  94    1965  69     14       77
  MINIMUM         47    340 AM  23    1967  41      6       29
  AVERAGE         65                        55     10       53

PRECIPITATION (IN)
  YESTERDAY        0.00          1.65 1914   0.08  -0.08     0.00
  MONTH TO DATE    0.05                      0.15  -0.10     0.00
  SINCE MAR 1      5.00                      2.81   2.19     0.85
  SINCE JAN 1      6.08                      3.68   2.40     1.79

SNOWFALL (IN)
  YESTERDAY        0.0                       0.1   -0.1      0.0
  MONTH TO DATE    0.0                       0.1   -0.1      0.0
  SINCE MAR 1      2.6                      11.1   -8.5      3.9
  SINCE JUL 1     24.7                      35.1  -10.4     29.1
  SNOW DEPTH       0

DEGREE DAYS
 HEATING
  YESTERDAY        0                        11    -11       12
  MONTH TO DATE    2                        22    -20       32
  SINCE MAR 1    963                      1260   -297     1237
  SINCE JUL 1   5178                      5677   -499     5781

 COOLING
  YESTERDAY        0                         0      0        0
  MONTH TO DATE    0                         0      0        0
  SINCE MAR 1      0                         4     -4        5
  SINCE JAN 1      0                         4     -4        5
..................................................................

WIND (MPH)
  HIGHEST WIND SPEED    29   HIGHEST WIND DIRECTION     W (250)
  HIGHEST GUST SPEED    37   HIGHEST GUST DIRECTION     W (250)
  AVERAGE WIND SPEED    10.0

SKY COVER
  AVERAGE SKY COVER 0.1

WEATHER CONDITIONS
 THE FOLLOWING WEATHER WAS RECORDED YESTERDAY.
  NO SIGNIFICANT WEATHER WAS OBSERVED.

RELATIVE HUMIDITY (PERCENT)
 HIGHEST    93
 LOWEST     26
 AVERAGE    60

.........................................................

THE GOODLAND KS CLIMATE NORMALS FOR TODAY
                         NORMAL    RECORD    YEAR
 MAXIMUM TEMPERATURE (F)   69        93      1949
 MINIMUM TEMPERATURE (F)   41        22      1907

SUNRISE AND SUNSET
MAY  3 2015...........SUNRISE   546 AM MDT   SUNSET   742 PM MDT
MAY  4 2015...........SUNRISE   545 AM MDT   SUNSET   743 PM MDT

-  INDICATES NEGATIVE NUMBERS.
R  INDICATES RECORD WAS SET OR TIED.
MM INDICATES DATA IS MISSING.
T  INDICATES TRACE AMOUNT.

&&

THE AVERAGE SOIL TEMPERATURE AT THE FOUR INCH DEPTH... 61

$$
