000
CDUS43 KGLD 020740
CLIGLD

CLIMATE REPORT
NATIONAL WEATHER SERVICE GOODLAND
138 AM MDT SAT MAY 2 2015

...................................

...THE GOODLAND KS CLIMATE SUMMARY FOR MAY 1 2015...

CLIMATE NORMAL PERIOD 1981 TO 2010
CLIMATE RECORD PERIOD 1895 TO 2015

WEATHER ITEM   OBSERVED TIME   RECORD YEAR NORMAL DEPARTURE LAST
                VALUE   (LST)  VALUE       VALUE  FROM      YEAR
                                                  NORMAL
..................................................................
TEMPERATURE (F)
 YESTERDAY
  MAXIMUM         74    150 PM  94    1959  68      6       60
                                      1928
  MINIMUM         51   1158 PM  21    1967  40     11       30
  AVERAGE         63                        54      9       45

PRECIPITATION (IN)
  YESTERDAY        0.05          2.15 1979   0.07  -0.02     0.00
  MONTH TO DATE    0.05                      0.07  -0.02     0.00
  SINCE MAR 1      5.00                      2.73   2.27     0.85
  SINCE JAN 1      6.08                      3.60   2.48     1.79

SNOWFALL (IN)
  YESTERDAY        0.0                       0.0    0.0      0.0
  MONTH TO DATE    0.0                       0.0    0.0      0.0
  SINCE MAR 1      2.6                      11.0   -8.4      3.9
  SINCE JUL 1     24.7                      35.0  -10.3     29.1
  SNOW DEPTH       0

DEGREE DAYS
 HEATING
  YESTERDAY        2                        11     -9       20
  MONTH TO DATE    2                        11     -9       20
  SINCE MAR 1    963                      1249   -286     1225
  SINCE JUL 1   5178                      5666   -488     5769

 COOLING
  YESTERDAY        0                         0      0        0
  MONTH TO DATE    0                         0      0        0
  SINCE MAR 1      0                         4     -4        5
  SINCE JAN 1      0                         4     -4        5
..................................................................

WIND (MPH)
  HIGHEST WIND SPEED    29   HIGHEST WIND DIRECTION    NW (300)
  HIGHEST GUST SPEED    35   HIGHEST GUST DIRECTION    NW (300)
  AVERAGE WIND SPEED     6.9

SKY COVER
  AVERAGE SKY COVER 0.5

WEATHER CONDITIONS
 THE FOLLOWING WEATHER WAS RECORDED YESTERDAY.
  LIGHT RAIN

RELATIVE HUMIDITY (PERCENT)
 HIGHEST    83
 LOWEST     41
 AVERAGE    62

..........................................................

THE GOODLAND KS CLIMATE NORMALS FOR TODAY
                         NORMAL    RECORD    YEAR
 MAXIMUM TEMPERATURE (F)   69        94      1965
 MINIMUM TEMPERATURE (F)   41        23      1967

SUNRISE AND SUNSET
MAY  2 2015...........SUNRISE   547 AM MDT   SUNSET   741 PM MDT
MAY  3 2015...........SUNRISE   546 AM MDT   SUNSET   742 PM MDT

-  INDICATES NEGATIVE NUMBERS.
R  INDICATES RECORD WAS SET OR TIED.
MM INDICATES DATA IS MISSING.
T  INDICATES TRACE AMOUNT.

&&

THE AVERAGE SOIL TEMPERATURE AT THE FOUR INCH DEPTH... 58

$$
