000
CDUS43 KGLD 190743
CLIGLD

CLIMATE REPORT
NATIONAL WEATHER SERVICE GOODLAND
139 AM MDT SUN APR 19 2015

...................................

...THE GOODLAND KS CLIMATE SUMMARY FOR APRIL 18 2015...

CLIMATE NORMAL PERIOD 1981 TO 2010
CLIMATE RECORD PERIOD 1895 TO 2015

WEATHER ITEM   OBSERVED TIME   RECORD YEAR NORMAL DEPARTURE LAST
                VALUE   (LST)  VALUE       VALUE  FROM      YEAR
                                                  NORMAL
..................................................................
TEMPERATURE (F)
 YESTERDAY
  MAXIMUM         62    109 PM  91    1987  64     -2       76
  MINIMUM         37    410 AM  14    1944  35      2       33
  AVERAGE         50                        50      0       55

PRECIPITATION (IN)
  YESTERDAY        0.18          2.95 1942   0.05   0.13     0.00
  MONTH TO DATE    3.87                      0.84   3.03     0.20
  SINCE MAR 1      3.98                      1.91   2.07     0.62
  SINCE JAN 1      5.06                      2.78   2.28     1.56

SNOWFALL (IN)
  YESTERDAY        0.0                       0.1   -0.1      0.0
  MONTH TO DATE    2.0                       3.1   -1.1      0.4
  SINCE MAR 1      2.6                       9.9   -7.3      3.9
  SINCE JUL 1     24.7                      33.9   -9.2     29.1
  SNOW DEPTH       0

DEGREE DAYS
 HEATING
  YESTERDAY       15                        15      0       10
  MONTH TO DATE  239                       321    -82      322
  SINCE MAR 1    804                      1079   -275     1090
  SINCE JUL 1   5019                      5496   -477     5634

 COOLING
  YESTERDAY        0                         0      0        0
  MONTH TO DATE    0                         0      0        1
  SINCE MAR 1      0                         0      0        1
  SINCE JAN 1      0                         0      0        1
..................................................................

WIND (MPH)
  HIGHEST WIND SPEED    21   HIGHEST WIND DIRECTION    NW (300)
  HIGHEST GUST SPEED    31   HIGHEST GUST DIRECTION    SW (230)
  AVERAGE WIND SPEED     9.2

SKY COVER
  AVERAGE SKY COVER 0.6

WEATHER CONDITIONS
 THE FOLLOWING WEATHER WAS RECORDED YESTERDAY.
  THUNDERSTORM
  LIGHT RAIN
  FOG
  FOG W/VISIBILITY <= 1/4 MILE

RELATIVE HUMIDITY (PERCENT)
 HIGHEST   100
 LOWEST     51
 AVERAGE    76

..........................................................

THE GOODLAND KS CLIMATE NORMALS FOR TODAY
                         NORMAL    RECORD    YEAR
 MAXIMUM TEMPERATURE (F)   65        87      2001
                                             1987
                                             1961
 MINIMUM TEMPERATURE (F)   36        18      1953

SUNRISE AND SUNSET
APRIL 19 2015.........SUNRISE   604 AM MDT   SUNSET   728 PM MDT
APRIL 20 2015.........SUNRISE   603 AM MDT   SUNSET   729 PM MDT

-  INDICATES NEGATIVE NUMBERS.
R  INDICATES RECORD WAS SET OR TIED.
MM INDICATES DATA IS MISSING.
T  INDICATES TRACE AMOUNT.

&&

THE AVERAGE SOIL TEMPERATURE AT THE FOUR INCH DEPTH... 52

$$
