000
CDUS43 KGLD 240750
CLIGLD

CLIMATE REPORT
NATIONAL WEATHER SERVICE GOODLAND
147 AM MDT FRI APR 24 2015

...................................

...THE GOODLAND KS CLIMATE SUMMARY FOR APRIL 23 2015...

CLIMATE NORMAL PERIOD 1981 TO 2010
CLIMATE RECORD PERIOD 1895 TO 2015

WEATHER ITEM   OBSERVED TIME   RECORD YEAR NORMAL DEPARTURE LAST
                VALUE   (LST)  VALUE       VALUE  FROM      YEAR
                                                  NORMAL
..................................................................
TEMPERATURE (F)
 YESTERDAY
  MAXIMUM         70    324 PM  90    1989  66      4       85
                                      1939
  MINIMUM         40    101 AM  21    2013  37      3       51
  AVERAGE         55                        52      3       68

PRECIPITATION (IN)
  YESTERDAY        0.00          0.89 1913   0.06  -0.06     0.00
  MONTH TO DATE    4.77                      1.15   3.62     0.20
  SINCE MAR 1      4.88                      2.22   2.66     0.62
  SINCE JAN 1      5.96                      3.09   2.87     1.56

SNOWFALL (IN)
  YESTERDAY        0.0                       0.1   -0.1      0.0
  MONTH TO DATE    2.0                       3.7   -1.7      0.4
  SINCE MAR 1      2.6                      10.5   -7.9      3.9
  SINCE JUL 1     24.7                      34.5   -9.8     29.1
  SNOW DEPTH       0

DEGREE DAYS
 HEATING
  YESTERDAY       10                        14     -4        0
  MONTH TO DATE  323                       393    -70      344
  SINCE MAR 1    888                      1151   -263     1112
  SINCE JUL 1   5103                      5568   -465     5656

 COOLING
  YESTERDAY        0                         0      0        3
  MONTH TO DATE    0                         0      0        4
  SINCE MAR 1      0                         0      0        4
  SINCE JAN 1      0                         0      0        4
..................................................................

WIND (MPH)
  HIGHEST WIND SPEED    29   HIGHEST WIND DIRECTION     S (170)
  HIGHEST GUST SPEED    35   HIGHEST GUST DIRECTION     S (170)
  AVERAGE WIND SPEED    17.3


SKY COVER
  AVERAGE SKY COVER 0.4


WEATHER CONDITIONS
 THE FOLLOWING WEATHER WAS RECORDED YESTERDAY.
  FOG


RELATIVE HUMIDITY (PERCENT)
 HIGHEST    93
 LOWEST     53
 AVERAGE    73

..........................................................


THE GOODLAND KS CLIMATE NORMALS FOR TODAY
                         NORMAL    RECORD    YEAR
 MAXIMUM TEMPERATURE (F)   66        93      2012
 MINIMUM TEMPERATURE (F)   38        19      2013


SUNRISE AND SUNSET
APRIL 24 2015.........SUNRISE   557 AM MDT   SUNSET   733 PM MDT
APRIL 25 2015.........SUNRISE   556 AM MDT   SUNSET   734 PM MDT


-  INDICATES NEGATIVE NUMBERS.
R  INDICATES RECORD WAS SET OR TIED.
MM INDICATES DATA IS MISSING.
T  INDICATES TRACE AMOUNT.

&&

THE AVERAGE SOIL TEMPERATURE AT THE FOUR INCH DEPTH... 50

$$
