000
CDUS43 KGLD 050753
CLIGLD

CLIMATE REPORT
NATIONAL WEATHER SERVICE GOODLAND
148 AM MDT SUN APR 5 2015

...................................

...THE GOODLAND KS CLIMATE SUMMARY FOR APRIL 4 2015...

CLIMATE NORMAL PERIOD 1981 TO 2010
CLIMATE RECORD PERIOD 1895 TO 2015

WEATHER ITEM   OBSERVED TIME   RECORD YEAR NORMAL DEPARTURE LAST
                VALUE   (LST)  VALUE       VALUE  FROM      YEAR
                                                  NORMAL
..................................................................
TEMPERATURE (F)
 YESTERDAY
  MAXIMUM         67    345 PM  86    1942  60      7       57
                                      1929
  MINIMUM         35    610 AM   8    1920  31      4       22
  AVERAGE         51                        46      5       40

PRECIPITATION (IN)
  YESTERDAY        0.00          0.54 1964   0.04  -0.04     0.00
  MONTH TO DATE    0.57                      0.16   0.41     0.15
  SINCE MAR 1      0.68                      1.23  -0.55     0.57
  SINCE JAN 1      1.76                      2.10  -0.34     1.51

SNOWFALL (IN)
  YESTERDAY        0.0                       0.2   -0.2      0.0
  MONTH TO DATE    2.0                       0.9    1.1       T
  SINCE MAR 1      2.6                       7.7   -5.1      3.5
  SINCE JUL 1     24.7                      31.7   -7.0     28.7
  SNOW DEPTH       0

DEGREE DAYS
 HEATING
  YESTERDAY       14                        19     -5       25
  MONTH TO DATE   58                        79    -21      104
  SINCE MAR 1    623                       837   -214      872
  SINCE JUL 1   4838                      5254   -416     5416

 COOLING
  YESTERDAY        0                         0      0        0
  MONTH TO DATE    0                         0      0        0
  SINCE MAR 1      0                         0      0        0
  SINCE JAN 1      0                         0      0        0
..................................................................

WIND (MPH)
  HIGHEST WIND SPEED    29   HIGHEST WIND DIRECTION     S (200)
  HIGHEST GUST SPEED    37   HIGHEST GUST DIRECTION     S (200)
  AVERAGE WIND SPEED    16.5


SKY COVER
  AVERAGE SKY COVER 0.2


WEATHER CONDITIONS
 THE FOLLOWING WEATHER WAS RECORDED YESTERDAY.
  NO SIGNIFICANT WEATHER WAS OBSERVED.


RELATIVE HUMIDITY (PERCENT)
 HIGHEST    70
 LOWEST     24
 AVERAGE    47

..........................................................


THE GOODLAND KS CLIMATE NORMALS FOR TODAY
                         NORMAL    RECORD    YEAR
 MAXIMUM TEMPERATURE (F)   60        86      1932
 MINIMUM TEMPERATURE (F)   31        18      1945


SUNRISE AND SUNSET
APRIL  5 2015.........SUNRISE   625 AM MDT   SUNSET   714 PM MDT
APRIL  6 2015.........SUNRISE   624 AM MDT   SUNSET   715 PM MDT


-  INDICATES NEGATIVE NUMBERS.
R  INDICATES RECORD WAS SET OR TIED.
MM INDICATES DATA IS MISSING.
T  INDICATES TRACE AMOUNT.

&&

THE AVERAGE SOIL TEMPERATURE AT THE FOUR INCH DEPTH... 44

$$
