000
CXUS53 KGLD 270800
CF6HLC
PRELIMINARY LOCAL CLIMATOLOGICAL DATA (WS FORM: F-6)

                                          STATION:   HILL CITY KS
                                          MONTH:     APRIL
                                          YEAR:      2015
                                          LATITUDE:   39 22 N
                                          LONGITUDE:  99 50 W

  TEMPERATURE IN F:       :PCPN:    SNOW:  WIND      :SUNSHINE: SKY     :PK WND
================================================================================
1   2   3   4   5  6A  6B    7    8   9   10  11  12  13   14  15   16   17  18
                                     12Z  AVG MX 2MIN
DY MAX MIN AVG DEP HDD CDD  WTR  SNW DPTH SPD SPD DIR MIN PSBL S-S WX    SPD DR
================================================================================

 1  89  57  73  26   0   8 0.00    M    M 16.7 39  10   M    M   0 8      53  20
 2  69  39  54   7  11   0 0.14    M    M 15.6 33  30   M    M   6 3      41  40
 3  53  32  43  -4  22   0 0.08    M    M 11.7 32  30   M    M   2 13     39  30
 4  68  32  50   2  15   0 0.00    M    M 13.8 30 210   M    M   0        39 190
 5  77  42  60  12   5   0 0.00    M    M  8.9 18 150   M    M   0        26 150
 6  78  53  66  18   0   1 0.00    M    M 11.5 22  50   M    M   3 18     27  50
 7  65  47  56   7   9   0 0.00    M    M 13.4 22  70   M    M   8 1      26  50
 8  56  42  49   0  16   0    T    M    M 11.0 24  20   M    M   9 18     29  20
 9  50  30  40  -9  25   0 0.01    M    M 17.5 36 340   M    M   7 18     43 340
10  69  29  49  -1  16   0 0.00    M    M  8.6 17 170   M    M   0        21 150
11  75  43  59   9   6   0 0.00    M    M 13.7 29 170   M    M   2        41 160
12  83  49  66  16   0   1    T    M    M 12.7 31 350   M    M   4 3      39 350
13  68  36  52   1  13   0 0.00    M    M  7.0 15  80   M    M   0 8      20  80
14  69  34  52   1  13   0 0.00    M    M 10.3 22 150   M    M   0 8      32 160
15  70  35  53   2  12   0 0.00    M    M 14.5 26 140   M    M   1 18     37 140
16  74  53  64  12   1   0 0.90    M    M  9.6 25 300   M    M   7 138    34 250
17  71  52  62  10   3   0 0.62    M    M  8.4 28 170   M    M   6 13     34 180
18  72  43  58   6   7   0 0.16    M    M  6.9 29 140   M    M   5 13     36 150
19  58  40  49  -4  16   0 1.21    M    M 16.6 41 360   M    M   7 13     52 360
20  61  33  47  -6  18   0 0.00    M    M  9.9 25 330   M    M   2        32 340
21  73  35  54   0  11   0 0.00    M    M  7.5 29  40   M    M   1        36  40
22  61  35  48  -6  17   0 0.00    M    M  8.4 18 140   M    M   1        27 110
23  69  39  54   0  11   0 0.00    M    M 11.9 24 170   M    M   7        30 170
24  74  54  64   9   1   0 0.37    M    M  8.8 24 280   M    M   6 13     30 280
25  72  49  61   6   4   0 0.06    M    M 12.7 21  20   M    M   4 13     27  30
26  51  46  49  -6  16   0 0.00    M    M 12.8 20  80   M    M  10 18     25  80
================================================================================
SM 1775 1079       268  10  3.55    M    300.4          M       98
================================================================================
AV 68.3 41.5                              11.6 FASTST   M    M   4    MAX(MPH)
                                 MISC ---->  # 41 360               # 53   20
================================================================================
NOTES:
# LAST OF SEVERAL OCCURRENCES

COLUMN 17 PEAK WIND IN M.P.H.

PRELIMINARY LOCAL CLIMATOLOGICAL DATA (WS FORM: F-6) , PAGE 2

                                          STATION:  HILL CITY KS
                                          MONTH:    APRIL
                                          YEAR:     2015
                                          LATITUDE:   39 22 N
                                          LONGITUDE:  99 50 W

[TEMPERATURE DATA]      [PRECIPITATION DATA]       SYMBOLS USED IN COLUMN 16

AVERAGE MONTHLY: 54.9   TOTAL FOR MONTH:   3.55    1 = FOG OR MIST
DPTR FM NORMAL:   4.0   DPTR FM NORMAL:    1.77    2 = FOG REDUCING VISIBILITY
HIGHEST:    89 ON  1    GRTST 24HR  1.22 ON 18-19      TO 1/4 MILE OR LESS
LOWEST:     29 ON 10                               3 = THUNDER
                        SNOW, ICE PELLETS, HAIL    4 = ICE PELLETS
                        TOTAL MONTH:    M          5 = HAIL
                        GRTST 24HR    M  ON   M    6 = FREEZING RAIN OR DRIZZLE
                        GRTST DEPTH:  M  ON   M    7 = DUSTSTORM OR SANDSTORM:
                                                       VSBY 1/2 MILE OR LESS
                                                   8 = SMOKE OR HAZE
[NO. OF DAYS WITH]      [WEATHER - DAYS WITH]      9 = BLOWING SNOW
                                                   X = TORNADO
MAX 32 OR BELOW:   0    0.01 INCH OR MORE:   9
MAX 90 OR ABOVE:   0    0.10 INCH OR MORE:   6
MIN 32 OR BELOW:   4    0.50 INCH OR MORE:   3
MIN  0 OR BELOW:   0    1.00 INCH OR MORE:   1

[HDD (BASE 65) ]
TOTAL THIS MO.   268    CLEAR  (SCALE 0-3)  13
DPTR FM NORMAL  -100    PTCLDY (SCALE 4-7)  10
TOTAL FM JUL 1  4862    CLOUDY (SCALE 8-10)  3
DPTR FM NORMAL  -475

[CDD (BASE 65) ]
TOTAL THIS MO.    10
DPTR FM NORMAL     9    [PRESSURE DATA]
TOTAL FM JAN 1    10    HIGHEST SLP M ON M
DPTR FM NORMAL     9    LOWEST  SLP 29.42 ON 24

[REMARKS]
