000
CDUS43 KGLD 290740 RRA
CLIHLC

CLIMATE REPORT
NATIONAL WEATHER SERVICE GOODLAND
136 AM MDT WED APR 29 2015

...................................

...THE HILL CITY KS CLIMATE SUMMARY FOR APRIL 28 2015...

CLIMATE NORMAL PERIOD 1981 TO 2010
CLIMATE RECORD PERIOD 1896 TO 2015


WEATHER ITEM   OBSERVED TIME   RECORD YEAR NORMAL DEPARTURE LAST
                VALUE   (LST)  VALUE       VALUE  FROM      YEAR
                                                  NORMAL
..................................................................
TEMPERATURE (F)
 YESTERDAY
  MAXIMUM         70    258 PM 100    1910  70      0       51
  MINIMUM         38    339 AM  24    1965  43     -5       41
  AVERAGE         54                        56     -2       46

PRECIPITATION (IN)
  YESTERDAY        0.00                      0.08  -0.08     0.05
  MONTH TO DATE    3.55                      1.95   1.60     3.36
  SINCE MAR 1      3.61                      3.58   0.03     3.55
  SINCE JAN 1      4.03                      4.55  -0.52     4.01

..................................................................


THE HILL CITY KS CLIMATE NORMALS FOR TODAY
                         NORMAL    RECORD    YEAR
 MAXIMUM TEMPERATURE (F)   70        92      1967
 MINIMUM TEMPERATURE (F)   43        27      1956


-  INDICATES NEGATIVE NUMBERS.
R  INDICATES RECORD WAS SET OR TIED.
MM INDICATES DATA IS MISSING.
T  INDICATES TRACE AMOUNT.

$$
