000
CDUS43 KGLD 220045
CLIHLC

CLIMATE REPORT
NATIONAL WEATHER SERVICE GOODLAND
638 PM MDT TUE APR 21 2015

...................................

...THE HILL CITY KS CLIMATE SUMMARY FOR APRIL 21 2015...
VALID TODAY AS OF 0600 PM LOCAL TIME.

CLIMATE NORMAL PERIOD 1981 TO 2010
CLIMATE RECORD PERIOD 1896 TO 2015


WEATHER ITEM   OBSERVED TIME   RECORD YEAR NORMAL DEPARTURE LAST
                VALUE   (LST)  VALUE       VALUE  FROM      YEAR
                                                  NORMAL
..................................................................
TEMPERATURE (F)
 TODAY
  MAXIMUM         73    440 PM  93    1980  67      6       73
  MINIMUM         35    632 AM  23    1982  40     -5       46
                                      1966
  AVERAGE         54                        54      0       60

PRECIPITATION (IN)
  TODAY            0.00                      0.08  -0.08     0.00
  MONTH TO DATE    3.12                      1.35   1.77     2.00
  SINCE MAR 1      3.18                      2.98   0.20     2.19
  SINCE JAN 1      3.60                      3.95  -0.35     2.65

..................................................................


THE HILL CITY KS CLIMATE NORMALS FOR TOMORROW
                         NORMAL    RECORD    YEAR
 MAXIMUM TEMPERATURE (F)   68       101      1989
 MINIMUM TEMPERATURE (F)   40        25      1982


-  INDICATES NEGATIVE NUMBERS.
R  INDICATES RECORD WAS SET OR TIED.
MM INDICATES DATA IS MISSING.
T  INDICATES TRACE AMOUNT.


$$
