000
CDUS43 KGLD 060746 RRB
CLIHLC

CLIMATE REPORT
NATIONAL WEATHER SERVICE GOODLAND
141 AM MDT WED MAY 6 2015

...................................

...THE HILL CITY KS CLIMATE SUMMARY FOR MAY 5 2015...

CLIMATE NORMAL PERIOD 1981 TO 2010
CLIMATE RECORD PERIOD 1896 TO 2015

WEATHER ITEM   OBSERVED TIME   RECORD YEAR NORMAL DEPARTURE LAST
                VALUE   (LST)  VALUE       VALUE  FROM      YEAR
                                                  NORMAL
..................................................................
TEMPERATURE (F)
 YESTERDAY
  MAXIMUM         68   1020 AM  99    2004  72     -4       78
  MINIMUM         57    245 AM  29    1944  46     11       48
  AVERAGE         63                        59      4       63

PRECIPITATION (IN)
  YESTERDAY        0.26                      0.11   0.15     0.00
  MONTH TO DATE    0.59                      0.56   0.03      T
  SINCE MAR 1      4.20                      4.31  -0.11     3.57
  SINCE JAN 1      4.62                      5.28  -0.66     4.03

..................................................................

THE HILL CITY KS CLIMATE NORMALS FOR TODAY
                         NORMAL    RECORD    YEAR
 MAXIMUM TEMPERATURE (F)   72        95      1955
 MINIMUM TEMPERATURE (F)   46        29      1944

-  INDICATES NEGATIVE NUMBERS.
R  INDICATES RECORD WAS SET OR TIED.
MM INDICATES DATA IS MISSING.
T  INDICATES TRACE AMOUNT.

$$
