000
CDUS43 KGLD 170744
CLIHLC

CLIMATE REPORT
NATIONAL WEATHER SERVICE GOODLAND
139 AM MDT FRI APR 17 2015

...................................

...THE HILL CITY KS CLIMATE SUMMARY FOR APRIL 16 2015...

CLIMATE NORMAL PERIOD 1981 TO 2010
CLIMATE RECORD PERIOD 1896 TO 2015

WEATHER ITEM   OBSERVED TIME   RECORD YEAR NORMAL DEPARTURE LAST
                VALUE   (LST)  VALUE       VALUE  FROM      YEAR
                                                  NORMAL
..................................................................
TEMPERATURE (F)
 YESTERDAY
  MAXIMUM         74    127 PM  93    1964  66      8       67
  MINIMUM         53   1217 AM  19    1951  38     15       38
  AVERAGE         64                        52     12       53

PRECIPITATION (IN)
  YESTERDAY        0.90                      0.07   0.83     0.00
  MONTH TO DATE    1.13                      0.97   0.16     0.35
  SINCE MAR 1      1.19                      2.60  -1.41     0.54
  SINCE JAN 1      1.61                      3.57  -1.96     1.00

..................................................................

THE HILL CITY KS CLIMATE NORMALS FOR TODAY
                         NORMAL    RECORD    YEAR
 MAXIMUM TEMPERATURE (F)   66        94      1948
 MINIMUM TEMPERATURE (F)   38        17      1907

-  INDICATES NEGATIVE NUMBERS.
R  INDICATES RECORD WAS SET OR TIED.
MM INDICATES DATA IS MISSING.
T  INDICATES TRACE AMOUNT.

$$
