000
CDUS43 KGLD 140745
CLIHLC

CLIMATE REPORT
NATIONAL WEATHER SERVICE GOODLAND
141 AM MDT TUE APR 14 2015
...................................

...THE HILL CITY KS CLIMATE SUMMARY FOR APRIL 13 2015...

CLIMATE NORMAL PERIOD 1981 TO 2010
CLIMATE RECORD PERIOD 1896 TO 2015

WEATHER ITEM   OBSERVED TIME   RECORD YEAR NORMAL DEPARTURE LAST
                VALUE   (LST)  VALUE       VALUE  FROM      YEAR
                                                  NORMAL
..................................................................
TEMPERATURE (F)
 YESTERDAY
  MAXIMUM         68    350 PM  91    2006  65      3       63
  MINIMUM         36    525 AM  15    1950  37     -1       32
  AVERAGE         52                        51      1       48

PRECIPITATION (IN)
  YESTERDAY        0.00                      0.07  -0.07     0.08
  MONTH TO DATE    0.23                      0.77  -0.54     0.35
  SINCE MAR 1      0.29                      2.40  -2.11     0.54
  SINCE JAN 1      0.71                      3.37  -2.66     1.00

..................................................................

THE HILL CITY KS CLIMATE NORMALS FOR TODAY
                         NORMAL    RECORD    YEAR
 MAXIMUM TEMPERATURE (F)   65        94      2003
 MINIMUM TEMPERATURE (F)   37        16      1928

-  INDICATES NEGATIVE NUMBERS.
R  INDICATES RECORD WAS SET OR TIED.
MM INDICATES DATA IS MISSING.
T  INDICATES TRACE AMOUNT.

$$
