000
CDUS43 KGLD 090755
CLIHLC

CLIMATE REPORT
NATIONAL WEATHER SERVICE GOODLAND
148 AM MDT THU APR 9 2015

...................................

...THE HILL CITY KS CLIMATE SUMMARY FOR APRIL 8 2015...

CLIMATE NORMAL PERIOD 1981 TO 2010
CLIMATE RECORD PERIOD 1896 TO 2015


WEATHER ITEM   OBSERVED TIME   RECORD YEAR NORMAL DEPARTURE LAST
                VALUE   (LST)  VALUE       VALUE  FROM      YEAR
                                                  NORMAL
..................................................................
TEMPERATURE (F)
 YESTERDAY
  MAXIMUM         56    551 PM  87    1988  63     -7       66
  MINIMUM         42    915 AM  15    1914  35      7       33
  AVERAGE         49                        49      0       50

PRECIPITATION (IN)
  YESTERDAY        T                         0.06  -0.06     0.00
  MONTH TO DATE    0.22                      0.43  -0.21     0.27
  SINCE MAR 1      0.28                      2.06  -1.78     0.46
  SINCE JAN 1      0.70                      3.03  -2.33     0.92

..................................................................

THE HILL CITY KS CLIMATE NORMALS FOR TODAY
                         NORMAL    RECORD    YEAR
 MAXIMUM TEMPERATURE (F)   63        93      2011
 MINIMUM TEMPERATURE (F)   35        18      1937


-  INDICATES NEGATIVE NUMBERS.
R  INDICATES RECORD WAS SET OR TIED.
MM INDICATES DATA IS MISSING.
T  INDICATES TRACE AMOUNT.

$$
