000
CDUS43 KGLD 010800 RRA
CLIHLC

CLIMATE REPORT
NATIONAL WEATHER SERVICE GOODLAND
152 AM MDT WED APR 1 2015


...................................

...THE HILL CITY KS CLIMATE SUMMARY FOR MARCH 31 2015...

CLIMATE NORMAL PERIOD 1981 TO 2010
CLIMATE RECORD PERIOD 1896 TO 2015


WEATHER ITEM   OBSERVED TIME   RECORD YEAR NORMAL DEPARTURE LAST
                VALUE   (LST)  VALUE       VALUE  FROM      YEAR
                                                  NORMAL
..................................................................
TEMPERATURE (F)
 YESTERDAY
  MAXIMUM         82    447 PM  93    1946  61     21       65
  MINIMUM         35    607 AM   0    1987  32      3       31
  AVERAGE         59                        46     13       48

PRECIPITATION (IN)
  YESTERDAY        0.00                      0.08  -0.08     0.00
  MONTH TO DATE    0.06                      1.63  -1.57     0.19
  SINCE MAR 1      0.06                      1.63  -1.57     0.19
  SINCE JAN 1      0.48                      2.60  -2.12     0.65

..................................................................


THE HILL CITY KS CLIMATE NORMALS FOR TODAY
                         NORMAL    RECORD    YEAR
 MAXIMUM TEMPERATURE (F)   61        92      2012
                                             1940
 MINIMUM TEMPERATURE (F)   33        15      2009



-  INDICATES NEGATIVE NUMBERS.
R  INDICATES RECORD WAS SET OR TIED.
MM INDICATES DATA IS MISSING.
T  INDICATES TRACE AMOUNT.

$$
