000
CDUS43 KGLD 080750
CLIHLC

CLIMATE REPORT
NATIONAL WEATHER SERVICE GOODLAND
142 AM MDT WED APR 8 2015

...................................

...THE HILL CITY KS CLIMATE SUMMARY FOR APRIL 7 2015...

CLIMATE NORMAL PERIOD 1981 TO 2010
CLIMATE RECORD PERIOD 1896 TO 2015


WEATHER ITEM   OBSERVED TIME   RECORD YEAR NORMAL DEPARTURE LAST
                VALUE   (LST)  VALUE       VALUE  FROM      YEAR
                                                  NORMAL
..................................................................
TEMPERATURE (F)
 YESTERDAY
  MAXIMUM         65    336 PM  91    1978  63      2       61
  MINIMUM         47   1159 PM  14    2009  35     12       38
  AVERAGE         56                        49      7       50

PRECIPITATION (IN)
  YESTERDAY        0.00                      0.06  -0.06      T
  MONTH TO DATE    0.22                      0.37  -0.15     0.27
  SINCE MAR 1      0.28                      2.00  -1.72     0.46
  SINCE JAN 1      0.70                      2.97  -2.27     0.92

..................................................................


THE HILL CITY KS CLIMATE NORMALS FOR TODAY
                         NORMAL    RECORD    YEAR
 MAXIMUM TEMPERATURE (F)   63        87      1988
 MINIMUM TEMPERATURE (F)   35        15      1914


-  INDICATES NEGATIVE NUMBERS.
R  INDICATES RECORD WAS SET OR TIED.
MM INDICATES DATA IS MISSING.
T  INDICATES TRACE AMOUNT.

$$
