000
CDUS43 KGLD 150131
CLIHLC

CLIMATE REPORT
NATIONAL WEATHER SERVICE GOODLAND
638 PM MDT TUE APR 14 2015

...................................

...THE HILL CITY KS CLIMATE SUMMARY FOR APRIL 14 2015...
VALID TODAY AS OF 0600 PM LOCAL TIME.

CLIMATE NORMAL PERIOD 1981 TO 2010
CLIMATE RECORD PERIOD 1896 TO 2015


WEATHER ITEM   OBSERVED TIME   RECORD YEAR NORMAL DEPARTURE LAST
                VALUE   (LST)  VALUE       VALUE  FROM      YEAR
                                                  NORMAL
..................................................................
TEMPERATURE (F)
 TODAY
  MAXIMUM         69    409 PM  94    2003  65      4       49
  MINIMUM         34    623 AM  16    1928  37     -3       27
  AVERAGE         52                        51      1       38

PRECIPITATION (IN)
  TODAY            0.00                      0.07  -0.07     0.00
  MONTH TO DATE    0.23                      0.84  -0.61     0.35
  SINCE MAR 1      0.29                      2.47  -2.18     0.54
  SINCE JAN 1      0.71                      3.44  -2.73     1.00

..................................................................


THE HILL CITY KS CLIMATE NORMALS FOR TOMORROW
                         NORMAL    RECORD    YEAR
 MAXIMUM TEMPERATURE (F)   65        94      2002
 MINIMUM TEMPERATURE (F)   38        19      2014


-  INDICATES NEGATIVE NUMBERS.
R  INDICATES RECORD WAS SET OR TIED.
MM INDICATES DATA IS MISSING.
T  INDICATES TRACE AMOUNT.


$$
