000
CDUS43 KGLD 230747
CLIHLC

CLIMATE REPORT
NATIONAL WEATHER SERVICE GOODLAND
142 AM MDT THU APR 23 2015


...................................

...THE HILL CITY KS CLIMATE SUMMARY FOR APRIL 22 2015...

CLIMATE NORMAL PERIOD 1981 TO 2010
CLIMATE RECORD PERIOD 1896 TO 2015


WEATHER ITEM   OBSERVED TIME   RECORD YEAR NORMAL DEPARTURE LAST
                VALUE   (LST)  VALUE       VALUE  FROM      YEAR
                                                  NORMAL
..................................................................
TEMPERATURE (F)
 YESTERDAY
  MAXIMUM         61    525 PM 101    1989  68     -7       78
  MINIMUM         35    424 AM  25    1982  40     -5       39
  AVERAGE         48                        54     -6       59

PRECIPITATION (IN)
  YESTERDAY        0.00                      0.08  -0.08     0.02
  MONTH TO DATE    3.12                      1.43   1.69     2.02
  SINCE MAR 1      3.18                      3.06   0.12     2.21
  SINCE JAN 1      3.60                      4.03  -0.43     2.67

..................................................................


THE HILL CITY KS CLIMATE NORMALS FOR TODAY
                         NORMAL    RECORD    YEAR
 MAXIMUM TEMPERATURE (F)   68        96      1939
 MINIMUM TEMPERATURE (F)   41        24      2013



-  INDICATES NEGATIVE NUMBERS.
R  INDICATES RECORD WAS SET OR TIED.
MM INDICATES DATA IS MISSING.
T  INDICATES TRACE AMOUNT.

$$
