000
CDUS43 KGLD 180048
CLIHLC

CLIMATE REPORT
NATIONAL WEATHER SERVICE GOODLAND
648 PM MDT FRI APR 17 2015

...................................

...THE HILL CITY KS CLIMATE SUMMARY FOR APRIL 17 2015...
VALID TODAY AS OF 0600 PM LOCAL TIME.

CLIMATE NORMAL PERIOD 1981 TO 2010
CLIMATE RECORD PERIOD 1896 TO 2015


WEATHER ITEM   OBSERVED TIME   RECORD YEAR NORMAL DEPARTURE LAST
                VALUE   (LST)  VALUE       VALUE  FROM      YEAR
                                                  NORMAL
..................................................................
TEMPERATURE (F)
 TODAY
  MAXIMUM         71    436 PM  94    1948  66      5       58
  MINIMUM         52    436 AM  17    1907  38     14       32
  AVERAGE         62                        52     10       45

PRECIPITATION (IN)
  TODAY            0.05                      0.07  -0.02     0.00
  MONTH TO DATE    1.18                      1.04   0.14     0.35
  SINCE MAR 1      1.24                      2.67  -1.43     0.54
  SINCE JAN 1      1.66                      3.64  -1.98     1.00

..................................................................


THE HILL CITY KS CLIMATE NORMALS FOR TOMORROW
                         NORMAL    RECORD    YEAR
 MAXIMUM TEMPERATURE (F)   66        97      1948
 MINIMUM TEMPERATURE (F)   39        20      1912


-  INDICATES NEGATIVE NUMBERS.
R  INDICATES RECORD WAS SET OR TIED.
MM INDICATES DATA IS MISSING.
T  INDICATES TRACE AMOUNT.

$$
