000
CDUS43 KGLD 240753
CLIHLC

CLIMATE REPORT
NATIONAL WEATHER SERVICE GOODLAND
147 AM MDT FRI APR 24 2015

...................................

...THE HILL CITY KS CLIMATE SUMMARY FOR APRIL 23 2015...

CLIMATE NORMAL PERIOD 1981 TO 2010
CLIMATE RECORD PERIOD 1896 TO 2015


WEATHER ITEM   OBSERVED TIME   RECORD YEAR NORMAL DEPARTURE LAST
                VALUE   (LST)  VALUE       VALUE  FROM      YEAR
                                                  NORMAL
..................................................................
TEMPERATURE (F)
 YESTERDAY
  MAXIMUM         69    246 PM  96    1939  68      1       86
  MINIMUM         39    417 AM  24    2013  41     -2       52
  AVERAGE         54                        54      0       69

PRECIPITATION (IN)
  YESTERDAY        0.00                      0.09  -0.09     1.28
  MONTH TO DATE    3.12                      1.52   1.60     3.30
  SINCE MAR 1      3.18                      3.15   0.03     3.49
  SINCE JAN 1      3.60                      4.12  -0.52     3.95

..................................................................


THE HILL CITY KS CLIMATE NORMALS FOR TODAY
                         NORMAL    RECORD    YEAR
 MAXIMUM TEMPERATURE (F)   68        96      2012
                                             1989
 MINIMUM TEMPERATURE (F)   41        22      2013



-  INDICATES NEGATIVE NUMBERS.
R  INDICATES RECORD WAS SET OR TIED.
MM INDICATES DATA IS MISSING.
T  INDICATES TRACE AMOUNT.

$$
